{"id":2323,"date":"2020-06-29T23:30:06","date_gmt":"2020-06-30T02:30:06","guid":{"rendered":"https:\/\/www.tigre-ads.com\/colombia\/producto\/"},"modified":"2025-04-29T09:13:48","modified_gmt":"2025-04-29T12:13:48","slug":"producto","status":"publish","type":"page","link":"https:\/\/www.adstigre.com\/colombia\/producto\/","title":{"rendered":"Producto"},"content":{"rendered":"\n\n\t\t\t<img decoding=\"async\" loading='false' src=\"http:\/\/www.adstigre.com\/colombia\/wp-content\/uploads\/sites\/28\/2025\/03\/banner-principal.jpg\" alt=\"\" \/>\t\t\t\n\t\t\t\tEL PLANETA PEDE.<br \/>\nLA ADS TIGRE HACE.\n<h2>\n\t\tProductos\n\t<\/h2>\n\t<h3>Soluciones que cuidan del <strong>agua<\/strong>  y el <strong>medio ambiente<\/strong>.<\/h3>\n\t<p>ADS Tigre cuenta con tecnolog\u00eda avanzada en la fabricaci\u00f3n de tubos corrugados de PEAD de gran di\u00e1metro para proyectos de drenaje, saneamiento b\u00e1sico, agricultura, miner\u00eda y otras aplicaciones. Ligeras y resistentes, estas soluciones permiten una instalaci\u00f3n m\u00e1s r\u00e1pida y sencilla, adem\u00e1s de ofrecer una eficiencia hidr\u00e1ulica superior y una alta rigidez estructural.<\/p>\n<p>Con ADS Tigre, su proyecto contar\u00e1 con productos de excelencia, garantizando durabilidad, productividad, seguridad y respeto al medio ambiente.<\/p>\n\t\t\t\t<a href=\"https:\/\/www.adstigre.com\/colombia\/producto\/nyloplast\/\"  target=\"_self\" itemprop=\"url\">\n\t\t\t\t<img decoding=\"async\" src=\"http:\/\/www.adstigre.com\/colombia\/wp-content\/uploads\/sites\/28\/2025\/04\/Nyloplast_vert_site.png\" alt=\"Nyloplast_vert_site\" itemprop=\"image\" title=\"Nyloplast_vert_site\" onerror=\"this.style.display='none'\"  \/>\n\t\t\t\t<\/a>\n\t\t\t\t<a href=\"https:\/\/www.adstigre.com\/colombia\/producto\/drenpro\/\"  target=\"_self\" itemprop=\"url\">\n\t\t\t\t<img decoding=\"async\" src=\"http:\/\/www.adstigre.com\/colombia\/wp-content\/uploads\/sites\/28\/2025\/03\/drenpro-home.png\" alt=\"drenpro-home\" itemprop=\"image\" title=\"drenpro-home\" onerror=\"this.style.display='none'\"  \/>\n\t\t\t\t<\/a>\n\t\t\t\t<a href=\"https:\/\/www.adstigre.com\/colombia\/producto\/stormtech\/\"  target=\"_self\" itemprop=\"url\">\n\t\t\t\t<img decoding=\"async\" src=\"http:\/\/www.adstigre.com\/colombia\/wp-content\/uploads\/sites\/28\/2025\/03\/stormtech-home.png\" alt=\"stormtech-home\" itemprop=\"image\" title=\"stormtech-home\" onerror=\"this.style.display='none'\"  \/>\n\t\t\t\t<\/a>\n\t\t\t\t<a href=\"https:\/\/www.adstigre.com\/colombia\/producto\/unidad-de-calidad-de-agua\/\"  target=\"_self\" itemprop=\"url\">\n\t\t\t\t<img loading=\"lazy\" decoding=\"async\" src=\"https:\/\/www.adstigre.com\/colombia\/wp-content\/uploads\/sites\/28\/2025\/03\/UCA_vertical.png\" alt=\"UCA_vertical\" itemprop=\"image\" height=\"740\" width=\"392\" title=\"UCA_vertical\" onerror=\"this.style.display='none'\"  \/>\n\t\t\t\t<\/a>\n\t\t\t\t<a href=\"https:\/\/www.adstigre.com\/colombia\/producto\/geotextiles\/\"  target=\"_self\" itemprop=\"url\">\n\t\t\t\t<img decoding=\"async\" src=\"http:\/\/www.adstigre.com\/colombia\/wp-content\/uploads\/sites\/28\/2025\/04\/Geotextil_vert_site.png\" alt=\"Geotextil_vert_site\" itemprop=\"image\" title=\"Geotextil_vert_site\" onerror=\"this.style.display='none'\"  \/>\n\t\t\t\t<\/a>\n\t\t\t\t<a href=\"https:\/\/www.adstigre.com\/colombia\/producto\/unifam\/\"  target=\"_self\" itemprop=\"url\">\n\t\t\t\t<img decoding=\"async\" src=\"http:\/\/www.adstigre.com\/colombia\/wp-content\/uploads\/sites\/28\/2025\/04\/Unifam_vert_site.png\" alt=\"Unifam_vert_site\" itemprop=\"image\" title=\"Unifam_vert_site\" onerror=\"this.style.display='none'\"  \/>\n\t\t\t\t<\/a>\n\t\t\t\t<a href=\"https:\/\/www.adstigre.com\/colombia\/producto\/sanipro\/\"  target=\"_self\" itemprop=\"url\">\n\t\t\t\t<img decoding=\"async\" src=\"http:\/\/www.adstigre.com\/colombia\/wp-content\/uploads\/sites\/28\/2025\/03\/sanipro-home.png\" alt=\"sanipro-home\" itemprop=\"image\" title=\"sanipro-home\" onerror=\"this.style.display='none'\"  \/>\n\t\t\t\t<\/a>\n\t\t\t\t<a href=\"https:\/\/www.adstigre.com\/colombia\/producto\/quick-chamber\/\"  target=\"_self\" itemprop=\"url\">\n\t\t\t\t<img decoding=\"async\" src=\"http:\/\/www.adstigre.com\/colombia\/wp-content\/uploads\/sites\/28\/2025\/04\/Quick_Chamber_vert_site.png\" alt=\"Quick_Chamber_vert_site\" itemprop=\"image\" title=\"Quick_Chamber_vert_site\" onerror=\"this.style.display='none'\"  \/>\n\t\t\t\t<\/a>\n<h2>\n\t\tAplicaciones\n\t<\/h2>\n\t<p>La resiliencia es esencial en el mercado de infraestructura, integrando soluciones sostenibles para enfrentar eventos clim\u00e1ticos extremos y las consecuencias del cambio clim\u00e1tico. Los productos de ADS TIGRE, con un amplio portafolio que permite atender diferentes proyectos con mayor productividad, seguridad y econom\u00eda. Consulta a continuaci\u00f3n:<\/p>\n        \t<a href=\"https:\/\/www.adstigre.com\/colombia\/aplicaciones\/drenaje-pluvial\/\" target=\"_self\">            \n\t\t\t\t\t\t<img decoding=\"async\" src=\"http:\/\/www.adstigre.com\/colombia\/wp-content\/uploads\/sites\/28\/2020\/06\/drenagem-pluvial.jpg\" alt=\"DRENAJE PLUVIAL\" data-no-lazy=\"1\" \/>\t\t\t\t\t\n                            <p>DRENAJE PLUVIAL<\/p>\n            <\/a>\t\t\n        \t<a href=\"https:\/\/www.adstigre.com\/colombia\/aplicaciones\/alcantarillado-sanitario\/\" target=\"_self\">            \n\t\t\t\t\t\t<img decoding=\"async\" src=\"http:\/\/www.adstigre.com\/colombia\/wp-content\/uploads\/sites\/28\/2025\/03\/ALCANTARILLADO-SANITARIO.jpg\" alt=\"ALCANTARILLADO SANITARIO\" data-no-lazy=\"1\" \/>\t\t\t\t\t\n                            <p>ALCANTARILLADO SANITARIO<\/p>\n            <\/a>\t\t\n        \t<a href=\"https:\/\/www.adstigre.com\/colombia\/aplicaciones\/detencion-retencion\/\" target=\"_self\">            \n\t\t\t\t\t\t<img decoding=\"async\" src=\"http:\/\/www.adstigre.com\/colombia\/wp-content\/uploads\/sites\/28\/2020\/06\/retencao-detencao.jpg\" alt=\"DETENCI\u00d3N \/ RETENCI\u00d3N\" data-no-lazy=\"1\" \/>\t\t\t\t\t\n                            <p>DETENCI\u00d3N \/ RETENCI\u00d3N<\/p>\n            <\/a>\t\t\n        \t<a href=\"https:\/\/www.adstigre.com\/colombia\/aplicaciones\/sistema-de-unidad-de-calidad-de-agua-uca\/\" target=\"_self\">            \n\t\t\t\t\t\t<img decoding=\"async\" src=\"http:\/\/www.adstigre.com\/colombia\/wp-content\/uploads\/sites\/28\/2020\/06\/sistema-qualidade-agua.jpg\" alt=\"UNIDAD DE CALIDAD DE AGUA \"UCA\"\" data-no-lazy=\"1\" \/>\t\t\t\t\t\n                            <p>UNIDAD DE CALIDAD DE AGUA &#8220;UCA&#8221;<\/p>\n            <\/a>\t\t\n        \t<a href=\"https:\/\/www.adstigre.com\/colombia\/aplicaciones\/autopistas-carreteras\/\" target=\"_self\">            \n\t\t\t\t\t\t<img decoding=\"async\" src=\"http:\/\/www.adstigre.com\/colombia\/wp-content\/uploads\/sites\/28\/2025\/03\/AUTOPISTA-CARRETERAS.jpg\" alt=\"AUTOPISTAS\/CARRETERAS\" data-no-lazy=\"1\" \/>\t\t\t\t\t\n                            <p>AUTOPISTAS\/CARRETERAS<\/p>\n            <\/a>\t\t\n        \t<a href=\"https:\/\/www.adstigre.com\/colombia\/aplicaciones\/aeropuertos\/\" target=\"_self\">            \n\t\t\t\t\t\t<img decoding=\"async\" src=\"http:\/\/www.adstigre.com\/colombia\/wp-content\/uploads\/sites\/28\/2020\/06\/aeroportos-2.jpg\" alt=\"AEROPUERTOS\" data-no-lazy=\"1\" \/>\t\t\t\t\t\n                            <p>AEROPUERTOS<\/p>\n            <\/a>\t\t\n        \t<a href=\"https:\/\/www.adstigre.com\/colombia\/aplicaciones\/ferrocarriles\/\" target=\"_self\">            \n\t\t\t\t\t\t<img decoding=\"async\" src=\"http:\/\/www.adstigre.com\/colombia\/wp-content\/uploads\/sites\/28\/2020\/06\/ferrovias.jpg\" alt=\"FERROCARRILES\" data-no-lazy=\"1\" \/>\t\t\t\t\t\n                            <p>FERROCARRILES<\/p>\n            <\/a>\t\t\n        \t<a href=\"https:\/\/www.adstigre.com\/colombia\/aplicaciones\/puertos\/\" target=\"_self\">            \n\t\t\t\t\t\t<img decoding=\"async\" src=\"http:\/\/www.adstigre.com\/colombia\/wp-content\/uploads\/sites\/28\/2020\/06\/portos.jpg\" alt=\"PUERTOS\" data-no-lazy=\"1\" \/>\t\t\t\t\t\n                            <p>PUERTOS<\/p>\n            <\/a>\t\t\n        \t<a href=\"https:\/\/www.adstigre.com\/colombia\/aplicaciones\/mineria\/\" target=\"_self\">            \n\t\t\t\t\t\t<img decoding=\"async\" src=\"http:\/\/www.adstigre.com\/colombia\/wp-content\/uploads\/sites\/28\/2020\/06\/mineracao.jpg\" alt=\"MINER\u00cdA\" data-no-lazy=\"1\" \/>\t\t\t\t\t\n                            <p>MINER\u00cdA<\/p>\n            <\/a>\t\t\n        \t<a href=\"https:\/\/www.adstigre.com\/colombia\/aplicaciones\/drenaje-agricultura\/\" target=\"_self\">            \n\t\t\t\t\t\t<img decoding=\"async\" src=\"http:\/\/www.adstigre.com\/colombia\/wp-content\/uploads\/sites\/28\/2020\/06\/drenagem-agricola.jpg\" alt=\"DRENAJE AGRICULTURA\" data-no-lazy=\"1\" \/>\t\t\t\t\t\n                            <p>DRENAJE AGRICULTURA<\/p>\n            <\/a>\t\t\n        \t<a href=\"https:\/\/www.adstigre.com\/colombia\/aplicaciones\/tratamiento-de-residuos\/\" target=\"_self\">            \n\t\t\t\t\t\t<img decoding=\"async\" src=\"http:\/\/www.adstigre.com\/colombia\/wp-content\/uploads\/sites\/28\/2025\/03\/TRATAMIENTO-DE-RESIDUOS.jpg\" alt=\"TRATAMIENTO DE RESIDUOS\" data-no-lazy=\"1\" \/>\t\t\t\t\t\n                            <p>TRATAMIENTO DE RESIDUOS<\/p>\n            <\/a>\t\t\n        \t<a href=\"https:\/\/www.adstigre.com\/colombia\/aplicaciones\/forestal\/\" target=\"_self\">            \n\t\t\t\t\t\t<img decoding=\"async\" src=\"http:\/\/www.adstigre.com\/colombia\/wp-content\/uploads\/sites\/28\/2020\/06\/florestal.jpg\" alt=\"FORESTAL\" data-no-lazy=\"1\" \/>\t\t\t\t\t\n                            <p>FORESTAL<\/p>\n            <\/a>\t\t\n        \t<a href=\"https:\/\/www.adstigre.com\/colombia\/aplicaciones\/canales\/\" target=\"_self\">            \n\t\t\t\t\t\t<img decoding=\"async\" src=\"http:\/\/www.adstigre.com\/colombia\/wp-content\/uploads\/sites\/28\/2020\/06\/canalizacao.jpg\" alt=\"CANALES\" data-no-lazy=\"1\" \/>\t\t\t\t\t\n                            <p>CANALES<\/p>\n            <\/a>\t\t\n        \t<a href=\"https:\/\/www.adstigre.com\/colombia\/aplicaciones\/industrial\/\" target=\"_self\">            \n\t\t\t\t\t\t<img decoding=\"async\" src=\"http:\/\/www.adstigre.com\/colombia\/wp-content\/uploads\/sites\/28\/2025\/04\/industrial.jpg\" alt=\"INDUSTRIAL\" data-no-lazy=\"1\" \/>\t\t\t\t\t\n                            <p>INDUSTRIAL<\/p>\n            <\/a>\t\t\n        \t<a href=\"https:\/\/www.adstigre.com\/colombia\/aplicaciones\/eletricidad-instrumentacion-y-telecomunicaciones\/\" target=\"_self\">            \n\t\t\t\t\t\t<img decoding=\"async\" src=\"http:\/\/www.adstigre.com\/colombia\/wp-content\/uploads\/sites\/28\/2025\/04\/eletricidad.jpg\" alt=\"ELECTRICIDAD\" data-no-lazy=\"1\" \/>\t\t\t\t\t\n                            <p>ELECTRICIDAD<\/p>\n            <\/a>\t\t\n        \t<a href=\"https:\/\/www.adstigre.com\/colombia\/aplicaciones\/camaras-conformadas-hdpe\/\" target=\"_self\">            \n\t\t\t\t\t\t<img decoding=\"async\" src=\"http:\/\/www.adstigre.com\/colombia\/wp-content\/uploads\/sites\/28\/2025\/04\/camaras-conformadas-HDPE.jpg\" alt=\"C\u00c1MARAS CONFORMADAS HDPE\" data-no-lazy=\"1\" \/>\t\t\t\t\t\n                            <p>C\u00c1MARAS CONFORMADAS HDPE<\/p>\n            <\/a>\t\t\n        \t<a href=\"https:\/\/www.adstigre.com\/colombia\/aplicaciones\/fiitings-conformado\/\" target=\"_self\">            \n\t\t\t\t\t\t<img decoding=\"async\" src=\"http:\/\/www.adstigre.com\/colombia\/wp-content\/uploads\/sites\/28\/2025\/04\/fiitings-conformado.jpg\" alt=\"FIITINGS CONFORMADO\" data-no-lazy=\"1\" \/>\t\t\t\t\t\n                            <p>FIITINGS CONFORMADO<\/p>\n            <\/a>\t\t\n        \t<a href=\"https:\/\/www.adstigre.com\/colombia\/aplicaciones\/fiitings-inyectado\/\" target=\"_self\">            \n\t\t\t\t\t\t<img decoding=\"async\" src=\"http:\/\/www.adstigre.com\/colombia\/wp-content\/uploads\/sites\/28\/2025\/04\/fiitings-inyectado.jpg\" alt=\"FIITINGS INYECTADO\" data-no-lazy=\"1\" \/>\t\t\t\t\t\n                            <p>FIITINGS INYECTADO<\/p>\n            <\/a>\t\t\n        \t<a href=\"https:\/\/www.adstigre.com\/colombia\/aplicaciones\/anillo-de-estanqueidad-para-camaras\/\" target=\"_self\">            \n\t\t\t\t\t\t<img decoding=\"async\" src=\"http:\/\/www.adstigre.com\/colombia\/wp-content\/uploads\/sites\/28\/2025\/04\/anillo-de-estanqueidad.jpg\" alt=\"ANILLO DE ESTANQUEIDAD\" data-no-lazy=\"1\" \/>\t\t\t\t\t\n                            <p>ANILLO DE ESTANQUEIDAD<\/p>\n            <\/a>\t\t\n        \t<a href=\"https:\/\/www.adstigre.com\/colombia\/aplicaciones\/copla-abrazadera\/\" target=\"_self\">            \n\t\t\t\t\t\t<img decoding=\"async\" src=\"http:\/\/www.adstigre.com\/colombia\/wp-content\/uploads\/sites\/28\/2025\/04\/copla-abrazadera.jpg\" alt=\"COPLA ABRAZADERA\" data-no-lazy=\"1\" \/>\t\t\t\t\t\n                            <p>COPLA ABRAZADERA<\/p>\n            <\/a>\t\t\n        \t<a href=\"https:\/\/www.adstigre.com\/colombia\/aplicaciones\/piezas-especiales\/\" target=\"_self\">            \n\t\t\t\t\t\t<img decoding=\"async\" src=\"http:\/\/www.adstigre.com\/colombia\/wp-content\/uploads\/sites\/28\/2025\/04\/piezas-especialesl.jpg\" alt=\"PIEZAS ESPECIALES\" data-no-lazy=\"1\" \/>\t\t\t\t\t\n                            <p>PIEZAS ESPECIALES<\/p>\n            <\/a>\t\t\n\t\t\t<button>Next<\/button>\n\t\t<button>Previous<\/button>\n\n","protected":false},"excerpt":{"rendered":"<p>EL PLANETA PEDE. LA ADS TIGRE HACE. Productos Soluciones que [&hellip;]<\/p>\n","protected":false},"author":3,"featured_media":0,"parent":0,"menu_order":0,"comment_status":"closed","ping_status":"closed","template":"","meta":{"_monsterinsights_skip_tracking":false,"_monsterinsights_sitenote_active":false,"_monsterinsights_sitenote_note":"","_monsterinsights_sitenote_category":0,"site-sidebar-layout":"default","site-content-layout":"default","ast-site-content-layout":"default","site-content-style":"default","site-sidebar-style":"default","ast-global-header-display":"","ast-banner-title-visibility":"","ast-main-header-display":"","ast-hfb-above-header-display":"","ast-hfb-below-header-display":"","ast-hfb-mobile-header-display":"","site-post-title":"","ast-breadcrumbs-content":"","ast-featured-img":"","footer-sml-layout":"","ast-disable-related-posts":"","theme-transparent-header-meta":"default","adv-header-id-meta":"","stick-header-meta":"default","header-above-stick-meta":"","header-main-stick-meta":"","header-below-stick-meta":"","astra-migrate-meta-layouts":"default","ast-page-background-enabled":"default","ast-page-background-meta":{"desktop":{"background-color":"","background-image":"","background-repeat":"repeat","background-position":"center center","background-size":"auto","background-attachment":"scroll","background-type":"","background-media":"","overlay-type":"","overlay-color":"","overlay-opacity":"","overlay-gradient":""},"tablet":{"background-color":"","background-image":"","background-repeat":"repeat","background-position":"center center","background-size":"auto","background-attachment":"scroll","background-type":"","background-media":"","overlay-type":"","overlay-color":"","overlay-opacity":"","overlay-gradient":""},"mobile":{"background-color":"","background-image":"","background-repeat":"repeat","background-position":"center center","background-size":"auto","background-attachment":"scroll","background-type":"","background-media":"","overlay-type":"","overlay-color":"","overlay-opacity":"","overlay-gradient":""}},"ast-content-background-meta":{"desktop":{"background-color":"var(--ast-global-color-5)","background-image":"","background-repeat":"repeat","background-position":"center center","background-size":"auto","background-attachment":"scroll","background-type":"","background-media":"","overlay-type":"","overlay-color":"","overlay-opacity":"","overlay-gradient":""},"tablet":{"background-color":"var(--ast-global-color-5)","background-image":"","background-repeat":"repeat","background-position":"center center","background-size":"auto","background-attachment":"scroll","background-type":"","background-media":"","overlay-type":"","overlay-color":"","overlay-opacity":"","overlay-gradient":""},"mobile":{"background-color":"var(--ast-global-color-5)","background-image":"","background-repeat":"repeat","background-position":"center center","background-size":"auto","background-attachment":"scroll","background-type":"","background-media":"","overlay-type":"","overlay-color":"","overlay-opacity":"","overlay-gradient":""}},"footnotes":""},"categories":[],"tags":[],"class_list":["post-2323","page","type-page","status-publish","hentry"],"yoast_head":"<!-- This site is optimized with the Yoast SEO plugin v27.4 - https:\/\/yoast.com\/product\/yoast-seo-wordpress\/ -->\n<title>Producto - ADS Tigre Col\u00f4mbia<\/title>\n<meta name=\"robots\" content=\"index, follow, max-snippet:-1, max-image-preview:large, max-video-preview:-1\" \/>\n<link rel=\"canonical\" href=\"https:\/\/www.adstigre.com\/colombia\/producto\/\" \/>\n<meta property=\"og:locale\" content=\"en_US\" \/>\n<meta property=\"og:type\" content=\"article\" \/>\n<meta property=\"og:title\" content=\"Producto - ADS Tigre Col\u00f4mbia\" \/>\n<meta property=\"og:description\" content=\"EL PLANETA PEDE. LA ADS TIGRE HACE. Productos Soluciones que [&hellip;]\" \/>\n<meta property=\"og:url\" content=\"https:\/\/www.adstigre.com\/colombia\/producto\/\" \/>\n<meta property=\"og:site_name\" content=\"ADS Tigre Col\u00f4mbia\" \/>\n<meta property=\"article:modified_time\" content=\"2025-04-29T12:13:48+00:00\" \/>\n<meta property=\"og:image\" content=\"http:\/\/www.adstigre.com\/colombia\/wp-content\/uploads\/sites\/28\/2025\/03\/banner-principal.jpg\" \/>\n<meta name=\"twitter:card\" content=\"summary_large_image\" \/>\n<meta name=\"twitter:label1\" content=\"Est. reading time\" \/>\n\t<meta name=\"twitter:data1\" content=\"1 minute\" \/>\n<script type=\"application\/ld+json\" class=\"yoast-schema-graph\">{\"@context\":\"https:\\\/\\\/schema.org\",\"@graph\":[{\"@type\":\"WebPage\",\"@id\":\"https:\\\/\\\/www.adstigre.com\\\/colombia\\\/producto\\\/\",\"url\":\"https:\\\/\\\/www.adstigre.com\\\/colombia\\\/producto\\\/\",\"name\":\"Producto - ADS Tigre Col\u00f4mbia\",\"isPartOf\":{\"@id\":\"https:\\\/\\\/www.adstigre.com\\\/colombia\\\/#website\"},\"primaryImageOfPage\":{\"@id\":\"https:\\\/\\\/www.adstigre.com\\\/colombia\\\/producto\\\/#primaryimage\"},\"image\":{\"@id\":\"https:\\\/\\\/www.adstigre.com\\\/colombia\\\/producto\\\/#primaryimage\"},\"thumbnailUrl\":\"http:\\\/\\\/www.adstigre.com\\\/colombia\\\/wp-content\\\/uploads\\\/sites\\\/28\\\/2025\\\/03\\\/banner-principal.jpg\",\"datePublished\":\"2020-06-30T02:30:06+00:00\",\"dateModified\":\"2025-04-29T12:13:48+00:00\",\"breadcrumb\":{\"@id\":\"https:\\\/\\\/www.adstigre.com\\\/colombia\\\/producto\\\/#breadcrumb\"},\"inLanguage\":\"en-US\",\"potentialAction\":[{\"@type\":\"ReadAction\",\"target\":[\"https:\\\/\\\/www.adstigre.com\\\/colombia\\\/producto\\\/\"]}]},{\"@type\":\"ImageObject\",\"inLanguage\":\"en-US\",\"@id\":\"https:\\\/\\\/www.adstigre.com\\\/colombia\\\/producto\\\/#primaryimage\",\"url\":\"http:\\\/\\\/www.adstigre.com\\\/colombia\\\/wp-content\\\/uploads\\\/sites\\\/28\\\/2025\\\/03\\\/banner-principal.jpg\",\"contentUrl\":\"http:\\\/\\\/www.adstigre.com\\\/colombia\\\/wp-content\\\/uploads\\\/sites\\\/28\\\/2025\\\/03\\\/banner-principal.jpg\"},{\"@type\":\"BreadcrumbList\",\"@id\":\"https:\\\/\\\/www.adstigre.com\\\/colombia\\\/producto\\\/#breadcrumb\",\"itemListElement\":[{\"@type\":\"ListItem\",\"position\":1,\"name\":\"In\u00edcio\",\"item\":\"https:\\\/\\\/www.adstigre.com\\\/colombia\\\/\"},{\"@type\":\"ListItem\",\"position\":2,\"name\":\"Producto\"}]},{\"@type\":\"WebSite\",\"@id\":\"https:\\\/\\\/www.adstigre.com\\\/colombia\\\/#website\",\"url\":\"https:\\\/\\\/www.adstigre.com\\\/colombia\\\/\",\"name\":\"ADS Tigre Col\u00f4mbia\",\"description\":\"Um site do grupo tigre\",\"potentialAction\":[{\"@type\":\"SearchAction\",\"target\":{\"@type\":\"EntryPoint\",\"urlTemplate\":\"https:\\\/\\\/www.adstigre.com\\\/colombia\\\/?s={search_term_string}\"},\"query-input\":{\"@type\":\"PropertyValueSpecification\",\"valueRequired\":true,\"valueName\":\"search_term_string\"}}],\"inLanguage\":\"en-US\"}]}<\/script>\n<!-- \/ Yoast SEO plugin. -->","yoast_head_json":{"title":"Producto - ADS Tigre Col\u00f4mbia","robots":{"index":"index","follow":"follow","max-snippet":"max-snippet:-1","max-image-preview":"max-image-preview:large","max-video-preview":"max-video-preview:-1"},"canonical":"https:\/\/www.adstigre.com\/colombia\/producto\/","og_locale":"en_US","og_type":"article","og_title":"Producto - ADS Tigre Col\u00f4mbia","og_description":"EL PLANETA PEDE. LA ADS TIGRE HACE. Productos Soluciones que [&hellip;]","og_url":"https:\/\/www.adstigre.com\/colombia\/producto\/","og_site_name":"ADS Tigre Col\u00f4mbia","article_modified_time":"2025-04-29T12:13:48+00:00","og_image":[{"url":"http:\/\/www.adstigre.com\/colombia\/wp-content\/uploads\/sites\/28\/2025\/03\/banner-principal.jpg","type":"","width":"","height":""}],"twitter_card":"summary_large_image","twitter_misc":{"Est. reading time":"1 minute"},"schema":{"@context":"https:\/\/schema.org","@graph":[{"@type":"WebPage","@id":"https:\/\/www.adstigre.com\/colombia\/producto\/","url":"https:\/\/www.adstigre.com\/colombia\/producto\/","name":"Producto - ADS Tigre Col\u00f4mbia","isPartOf":{"@id":"https:\/\/www.adstigre.com\/colombia\/#website"},"primaryImageOfPage":{"@id":"https:\/\/www.adstigre.com\/colombia\/producto\/#primaryimage"},"image":{"@id":"https:\/\/www.adstigre.com\/colombia\/producto\/#primaryimage"},"thumbnailUrl":"http:\/\/www.adstigre.com\/colombia\/wp-content\/uploads\/sites\/28\/2025\/03\/banner-principal.jpg","datePublished":"2020-06-30T02:30:06+00:00","dateModified":"2025-04-29T12:13:48+00:00","breadcrumb":{"@id":"https:\/\/www.adstigre.com\/colombia\/producto\/#breadcrumb"},"inLanguage":"en-US","potentialAction":[{"@type":"ReadAction","target":["https:\/\/www.adstigre.com\/colombia\/producto\/"]}]},{"@type":"ImageObject","inLanguage":"en-US","@id":"https:\/\/www.adstigre.com\/colombia\/producto\/#primaryimage","url":"http:\/\/www.adstigre.com\/colombia\/wp-content\/uploads\/sites\/28\/2025\/03\/banner-principal.jpg","contentUrl":"http:\/\/www.adstigre.com\/colombia\/wp-content\/uploads\/sites\/28\/2025\/03\/banner-principal.jpg"},{"@type":"BreadcrumbList","@id":"https:\/\/www.adstigre.com\/colombia\/producto\/#breadcrumb","itemListElement":[{"@type":"ListItem","position":1,"name":"In\u00edcio","item":"https:\/\/www.adstigre.com\/colombia\/"},{"@type":"ListItem","position":2,"name":"Producto"}]},{"@type":"WebSite","@id":"https:\/\/www.adstigre.com\/colombia\/#website","url":"https:\/\/www.adstigre.com\/colombia\/","name":"ADS Tigre Col\u00f4mbia","description":"Um site do grupo tigre","potentialAction":[{"@type":"SearchAction","target":{"@type":"EntryPoint","urlTemplate":"https:\/\/www.adstigre.com\/colombia\/?s={search_term_string}"},"query-input":{"@type":"PropertyValueSpecification","valueRequired":true,"valueName":"search_term_string"}}],"inLanguage":"en-US"}]}},"_links":{"self":[{"href":"https:\/\/www.adstigre.com\/colombia\/wp-json\/wp\/v2\/pages\/2323","targetHints":{"allow":["GET"]}}],"collection":[{"href":"https:\/\/www.adstigre.com\/colombia\/wp-json\/wp\/v2\/pages"}],"about":[{"href":"https:\/\/www.adstigre.com\/colombia\/wp-json\/wp\/v2\/types\/page"}],"author":[{"embeddable":true,"href":"https:\/\/www.adstigre.com\/colombia\/wp-json\/wp\/v2\/users\/3"}],"replies":[{"embeddable":true,"href":"https:\/\/www.adstigre.com\/colombia\/wp-json\/wp\/v2\/comments?post=2323"}],"version-history":[{"count":8,"href":"https:\/\/www.adstigre.com\/colombia\/wp-json\/wp\/v2\/pages\/2323\/revisions"}],"predecessor-version":[{"id":9966,"href":"https:\/\/www.adstigre.com\/colombia\/wp-json\/wp\/v2\/pages\/2323\/revisions\/9966"}],"wp:attachment":[{"href":"https:\/\/www.adstigre.com\/colombia\/wp-json\/wp\/v2\/media?parent=2323"}],"wp:term":[{"taxonomy":"category","embeddable":true,"href":"https:\/\/www.adstigre.com\/colombia\/wp-json\/wp\/v2\/categories?post=2323"},{"taxonomy":"post_tag","embeddable":true,"href":"https:\/\/www.adstigre.com\/colombia\/wp-json\/wp\/v2\/tags?post=2323"}],"curies":[{"name":"wp","href":"https:\/\/api.w.org\/{rel}","templated":true}]}}