{"id":7863,"date":"2024-05-09T10:01:46","date_gmt":"2024-05-09T13:01:46","guid":{"rendered":"https:\/\/www.adstigre.com\/brasil\/?page_id=7863"},"modified":"2026-05-08T13:09:52","modified_gmt":"2026-05-08T16:09:52","slug":"sustentabilidade","status":"publish","type":"page","link":"https:\/\/www.adstigre.com\/brasil\/sustentabilidade\/","title":{"rendered":"Sustentabilidade"},"content":{"rendered":"\n\n\t\t\t\t\t\t\t\t\t\t\t\n\t\t\t<h3><strong>ESCOLHA QUEM PROTEGE O PLANETA<\/strong><br \/><strong>E GARANTE UM<br \/>FUTURO MAIS<br \/>PR\u00d3SPERO<\/strong><\/h3>\t\t\n\t\t\t\t\t\t\t\t\t\t\t\n\t\t\t<p>Na ADS Tigre, acreditamos que o futuro da ind\u00fastria est\u00e1 diretamente conectado com a preserva\u00e7\u00e3o do meio ambiente. Por isso, nosso compromisso com a sustentabilidade \u00e9 inabal\u00e1vel, e n\u00e3o se limita apenas a palavras &#8211; est\u00e1 refletido em a\u00e7\u00f5es tang\u00edveis.<\/p>\n<p>Entendemos que \u00e9 nossa responsabilidade liderar pelo exemplo, promovendo o desenvolvimento sustent\u00e1vel em todas as \u00e1reas do nosso trabalho. Afinal, nosso prop\u00f3sito vai al\u00e9m de fornecer solu\u00e7\u00f5es inovadoras para infraestrutura: buscamos formas de integrar pr\u00e1ticas que cuidem da \u00e1gua e do planeta em todas as etapas do nosso processo, que vai desde o design at\u00e9 a fabrica\u00e7\u00e3o e distribui\u00e7\u00e3o de nossos produtos.<\/p>\n<p>Conhe\u00e7a mais sobre nossas a\u00e7\u00f5es e resultados no nosso Relat\u00f3rio de Sustentabilidade, nele destacamos nosso compromisso cont\u00ednuo com o impacto ambiental, operacional e social.<\/p>\n\t\t\t<a href=\"http:\/\/www.adstigre.com\/brasil\/wp-content\/uploads\/sites\/2\/2024\/06\/ADS-Tigre-RA23_240605-1.pdf\"  target=\"_blank\" rel=\"noopener\"    rel=\"noopener\">\n\t\t\t\t\t\t\tRELAT\u00d3RIO DE SUSTENTABILIDADE 2023\n\t\t\t\t\t<\/a>\n\t\t\t<a href=\"http:\/\/www.adstigre.com\/brasil\/wp-content\/uploads\/sites\/2\/2025\/09\/Relatorio-01-e-02-2025.pdf\"  target=\"_blank\" rel=\"noopener\"    rel=\"noopener\">\n\t\t\t\t\t\t\tRELAT\u00d3RIO DE IGUALDADE SALARIAL\n\t\t\t\t\t<\/a>\n\t\t\t\t\t\t\t\t\t\t\t\n\t\t\t<p>Comprometida com os Objetivos de Desenvolvimento Sustent\u00e1vel (ODS) da ONU, a ADS Tigre concentra seus esfor\u00e7os em \u00e1reas chave que impactam positivamente o meio ambiente e a sociedade. \u2028Ao adotarmos pr\u00e1ticas sustent\u00e1veis e desenvolvermos produtos e solu\u00e7\u00f5es ecoeficientes, estamos contribuindo ativamente para o avan\u00e7o desses objetivos e para a constru\u00e7\u00e3o de um mundo mais sustent\u00e1vel e inclusivo.Fa\u00e7a parte dessa a\u00e7\u00e3o!<\/p>\t\t\n<figure itemscope itemtype=\"https:\/\/schema.org\/ImageObject\">\n\t\t\t\t<img decoding=\"async\" src=\"http:\/\/www.adstigre.com\/brasil\/wp-content\/uploads\/sites\/2\/2025\/05\/ODS_6-br.png\" alt=\"ODS_6-br\" title=\"ODS_6-br\" onerror=\"this.style.display='none'\" loading=\"lazy\" \/>\n\t<\/figure>\n\t<h4><strong>\u00c1GUA POT\u00c1VEL E SANEAMENTO<\/strong><\/h4>\n<p>Temos solu\u00e7\u00f5es que preservam o ciclo da \u00e1gua, protegendo aqu\u00edferos e rios de contamina\u00e7\u00f5es<\/p>\n<figure itemscope itemtype=\"https:\/\/schema.org\/ImageObject\">\n\t\t\t\t<img decoding=\"async\" src=\"http:\/\/www.adstigre.com\/brasil\/wp-content\/uploads\/sites\/2\/2025\/05\/ODS_9-br.png\" alt=\"ODS_9-br\" title=\"ODS_9-br\" onerror=\"this.style.display='none'\" loading=\"lazy\" \/>\n\t<\/figure>\n\t<h4><strong>IND\u00daSTRIA, INOVA\u00c7\u00c3O E INFRAESTRUTURA<\/strong><\/h4>\n<p>Tecnologia de ponta para construir sistemas inovadores de gest\u00e3o sanit\u00e1ria, que trazem benef\u00edcios ao meio ambiente, \u00e0 cidade e \u00e0 sociedade.<\/p>\n<figure itemscope itemtype=\"https:\/\/schema.org\/ImageObject\">\n\t\t\t\t<img decoding=\"async\" src=\"http:\/\/www.adstigre.com\/brasil\/wp-content\/uploads\/sites\/2\/2025\/05\/ODS_11-br.png\" alt=\"ODS_11-br\" title=\"ODS_11-br\" onerror=\"this.style.display='none'\" loading=\"lazy\" \/>\n\t<\/figure>\n\t<h4><strong>CIDADES E COMUNIDADES SUSTENT\u00c1VEIS<\/strong><\/h4>\n<p>Solu\u00e7\u00f5es com maior vida \u00fatil e economia, que reduzem o consumo de recursos naturais e preservam o meio ambiente.<\/p>\n<figure itemscope itemtype=\"https:\/\/schema.org\/ImageObject\">\n\t\t\t\t<img decoding=\"async\" src=\"http:\/\/www.adstigre.com\/brasil\/wp-content\/uploads\/sites\/2\/2025\/05\/ODS_12-br.png\" alt=\"ODS_12-br\" title=\"ODS_12-br\" onerror=\"this.style.display='none'\" loading=\"lazy\" \/>\n\t<\/figure>\n\t<h4><strong>CONSUMO E PRODU\u00c7\u00c3O RESPONS\u00c1VEIS<\/strong><\/h4>\n<p>Os produtos ADS Tigre s\u00e3o sustent\u00e1veis e seguem rigorosos padr\u00f5es de produ\u00e7\u00e3o e consumo respons\u00e1vel.<\/p>\n<figure itemscope itemtype=\"https:\/\/schema.org\/ImageObject\">\n\t\t\t\t<img decoding=\"async\" src=\"http:\/\/www.adstigre.com\/brasil\/wp-content\/uploads\/sites\/2\/2025\/05\/ODS_13-br.png\" alt=\"ODS_13-br\" title=\"ODS_13-br\" onerror=\"this.style.display='none'\" loading=\"lazy\" \/>\n\t<\/figure>\n\t<h4><strong>A\u00c7\u00c3O CONTRA \u2028A MUDAN\u00c7A GLOBAL DO CLIMA<\/strong><\/h4>\n<p>Nos comprometemos com a prote\u00e7\u00e3o ambiental, o manejo consciente da \u00e1gua e a constru\u00e7\u00e3o civil sustent\u00e1vel.<\/p>\n<figure itemscope itemtype=\"https:\/\/schema.org\/ImageObject\">\n\t\t\t\t<img decoding=\"async\" src=\"http:\/\/www.adstigre.com\/brasil\/wp-content\/uploads\/sites\/2\/2025\/05\/ODS_17-br.png\" alt=\"ODS_17-br\" title=\"ODS_17-br\" onerror=\"this.style.display='none'\" loading=\"lazy\" \/>\n\t<\/figure>\n\t<h4><strong>PARCERIAS E MEIOS DE IMPLEMENTA\u00c7\u00c3O<\/strong><\/h4>\n<p>Nossos produtos possuem tecnologia e certifica\u00e7\u00f5es que ajudam empresas a atingirem seus objetivos de desenvolvimento sustent\u00e1veis.<\/p>\n<h3>\n\t\t\tDeclara\u00e7\u00e3o Ambiental do Produto (EPD)\t<\/h3>\n<figure itemscope itemtype=\"https:\/\/schema.org\/ImageObject\">\n\t\t\t\t<img decoding=\"async\" src=\"http:\/\/www.adstigre.com\/brasil\/wp-content\/uploads\/sites\/2\/2025\/05\/logo-EPD-BRASIL-br.png\" alt=\"logo-EPD-BRASIL-br\" title=\"logo-EPD-BRASIL-br\" onerror=\"this.style.display='none'\" loading=\"lazy\" \/>\n\t<\/figure>\n\t\t\t\t\t\t\t\t\t\t\t\n\t\t\t<p>A ADS Tigre valoriza a transpar\u00eancia e a responsabilidade ambiental, pilares essenciais para nossa atua\u00e7\u00e3o no mercado. \u2028Um dos instrumentos mais importantes para demonstrar nosso compromisso com a sustentabilidade \u00e9 a Declara\u00e7\u00e3o Ambiental do Produto (EPD), documento que fornece informa\u00e7\u00f5es detalhadas sobre o impacto ambiental de um produto ao longo de todas as etapas do seu ciclo de vida, desde a extra\u00e7\u00e3o de mat\u00e9rias-primas at\u00e9 o descarte final &#8211; como o DrenPro\u00ae, uma solu\u00e7\u00e3o sustent\u00e1vel para sistemas de drenagem pluvial que se destaca n\u00e3o apenas pelo excelente desempenho, mas tamb\u00e9m pelo uso de materiais reciclados em sua fabrica\u00e7\u00e3o.<\/p>\t\t\n\t\t\t<a href=\"http:\/\/www.adstigre.com\/brasil\/wp-content\/uploads\/sites\/2\/2024\/06\/EPD-Tigre-ADS_v3.1-1.pdf\"  target=\"_blank\" rel=\"noopener\"    rel=\"noopener\">\n\t\t\t\t\t\t\tSAIBA MAIS\n\t\t\t\t\t<\/a>\n<h3>\n\t\t\tR\u00f3tulo Ecol\u00f3gico da ABNT Certificadora\t<\/h3>\n<figure itemscope itemtype=\"https:\/\/schema.org\/ImageObject\">\n\t\t\t\t<img decoding=\"async\" src=\"http:\/\/www.adstigre.com\/brasil\/wp-content\/uploads\/sites\/2\/2025\/05\/Selo-ABNT-Ambiental-br.png\" alt=\"Selo-ABNT-Ambiental-br\" title=\"Selo-ABNT-Ambiental-br\" onerror=\"this.style.display='none'\" loading=\"lazy\" \/>\n\t<\/figure>\n\t\t\t\t\t\t\t\t\t\t\t\n\t\t\t<p>O tubo DrenPro\u00ae da ADS Tigre, fabricado com conte\u00fado reciclado, tamb\u00e9m recebeu o R\u00f3tulo Ecol\u00f3gico ABNT, atestando seu desempenho ambiental. Esse importante documento demonstra nosso compromisso com a sustentabilidade e \u00e9 concedido ap\u00f3s ampla avalia\u00e7\u00e3o com base em crit\u00e9rios rigorosos definidos pela ABNT Certificadora, uma entidade de refer\u00eancia no tema no Brasil.<\/p>\t\t\n\t\t\t<a href=\"http:\/\/www.adstigre.com\/brasil\/wp-content\/uploads\/sites\/2\/2024\/06\/ABNT-432.001.24-Certificado-02.05.24-R01-1.pdf\"  target=\"_blank\" rel=\"noopener\"    rel=\"noopener\">\n\t\t\t\t\t\t\tSAIBA MAIS\n\t\t\t\t\t<\/a>\n<h3>\n\t\t\tPBQP-H, Processo SiNAT e Datec\t<\/h3>\n<figure itemscope itemtype=\"https:\/\/schema.org\/ImageObject\">\n\t\t\t\t<img decoding=\"async\" src=\"http:\/\/www.adstigre.com\/brasil\/wp-content\/uploads\/sites\/2\/2025\/05\/logo-pbqp-h-br.png\" alt=\"logo-pbqp-h-br\" title=\"logo-pbqp-h-br\" onerror=\"this.style.display='none'\" loading=\"lazy\" \/>\n\t<\/figure>\n<figure itemscope itemtype=\"https:\/\/schema.org\/ImageObject\">\n\t\t\t\t<img decoding=\"async\" src=\"http:\/\/www.adstigre.com\/brasil\/wp-content\/uploads\/sites\/2\/2025\/05\/logo-SiNAT-br.png\" alt=\"logo-SiNAT-br\" title=\"logo-SiNAT-br\" onerror=\"this.style.display='none'\" loading=\"lazy\" \/>\n\t<\/figure>\n<figure itemscope itemtype=\"https:\/\/schema.org\/ImageObject\">\n\t\t\t\t<img decoding=\"async\" src=\"http:\/\/www.adstigre.com\/brasil\/wp-content\/uploads\/sites\/2\/2025\/05\/logo-DATec-br.png\" alt=\"logo-DATec-br\" title=\"logo-DATec-br\" onerror=\"this.style.display='none'\" loading=\"lazy\" \/>\n\t<\/figure>\n\t\t\t\t\t\t\t\t\t\t\t\n\t\t\t<p>A ADS Tigre se orgulha de possuir certifica\u00e7\u00f5es que comprovam a qualidade e sustentabilidade de nossos produtos e processos, garantindo que nossas solu\u00e7\u00f5es atendem aos mais altos padr\u00f5es do mercado, sendo inovadoras, seguras e sustent\u00e1veis.<br \/>Desenvolvemos produtos alinhados com a diretriz n\u00famero 13 do SiNAT, que avalia produtos inovadores na constru\u00e7\u00e3o civil, vinculados ao PBQP-H, visando a qualidade e produtividade das edifica\u00e7\u00f5es. Al\u00e9m disso, somos a \u00fanica empresa no Brasil com infraestrutura completa e tecnologia avan\u00e7ada em laborat\u00f3rios, cumprindo integralmente os requisitos da Diretriz SiNAT e obtendo a certifica\u00e7\u00e3o DATec, resultado de um rigoroso processo de avalia\u00e7\u00e3o realizado pela Institui\u00e7\u00e3o T\u00e9cnica de Avalia\u00e7\u00e3o (ITA), acreditada pelo INMETRO.<\/p>\t\t\n\t\t\t<a href=\"http:\/\/www.adstigre.com\/brasil\/wp-content\/uploads\/sites\/2\/2026\/05\/DATec-44B_vf.pdf\"  target=\"_blank\" rel=\"noopener\"    rel=\"noopener\">\n\t\t\t\t\t\t\tSAIBA MAIS\n\t\t\t\t\t<\/a>\n\t\t\t\t\t\t\t\t\t\t\t\n\t\t\t<p>Com esses princ\u00edpios, reafirmamos nosso compromisso com a sustentabilidade e os Objetivos de Desenvolvimento Sustent\u00e1vel da ONU, fazendo a diferen\u00e7a no mundo que estamos construindo.<br \/>\u00a0<br \/>Junte-se a n\u00f3s nessa jornada em dire\u00e7\u00e3o a um futuro mais verde e sustent\u00e1vel!<\/p>\t\t\n\t\t\t\t\t\t\t\t\t\t\t\n\t\t\t<p><strong>EM CADA A\u00c7\u00c3O<\/strong><br \/><strong>A GENTE AJUDA<\/strong><br \/><strong>A MUDAR O MUNDO<\/strong><\/p>\t\t\n\n","protected":false},"excerpt":{"rendered":"<p>ESCOLHA QUEM PROTEGE O PLANETAE GARANTE UMFUTURO MAISPR\u00d3SPERO Na ADS [&hellip;]<\/p>\n","protected":false},"author":15,"featured_media":0,"parent":0,"menu_order":0,"comment_status":"closed","ping_status":"closed","template":"","meta":{"_monsterinsights_skip_tracking":false,"_monsterinsights_sitenote_active":false,"_monsterinsights_sitenote_note":"","_monsterinsights_sitenote_category":0,"site-sidebar-layout":"default","site-content-layout":"","ast-site-content-layout":"default","site-content-style":"default","site-sidebar-style":"default","ast-global-header-display":"","ast-banner-title-visibility":"","ast-main-header-display":"","ast-hfb-above-header-display":"","ast-hfb-below-header-display":"","ast-hfb-mobile-header-display":"","site-post-title":"disabled","ast-breadcrumbs-content":"","ast-featured-img":"","footer-sml-layout":"","ast-disable-related-posts":"","theme-transparent-header-meta":"","adv-header-id-meta":"","stick-header-meta":"","header-above-stick-meta":"","header-main-stick-meta":"","header-below-stick-meta":"","astra-migrate-meta-layouts":"set","ast-page-background-enabled":"default","ast-page-background-meta":{"desktop":{"background-color":"","background-image":"","background-repeat":"repeat","background-position":"center center","background-size":"auto","background-attachment":"scroll","background-type":"","background-media":"","overlay-type":"","overlay-color":"","overlay-opacity":"","overlay-gradient":""},"tablet":{"background-color":"","background-image":"","background-repeat":"repeat","background-position":"center center","background-size":"auto","background-attachment":"scroll","background-type":"","background-media":"","overlay-type":"","overlay-color":"","overlay-opacity":"","overlay-gradient":""},"mobile":{"background-color":"","background-image":"","background-repeat":"repeat","background-position":"center center","background-size":"auto","background-attachment":"scroll","background-type":"","background-media":"","overlay-type":"","overlay-color":"","overlay-opacity":"","overlay-gradient":""}},"ast-content-background-meta":{"desktop":{"background-color":"var(--ast-global-color-5)","background-image":"","background-repeat":"repeat","background-position":"center center","background-size":"auto","background-attachment":"scroll","background-type":"","background-media":"","overlay-type":"","overlay-color":"","overlay-opacity":"","overlay-gradient":""},"tablet":{"background-color":"var(--ast-global-color-5)","background-image":"","background-repeat":"repeat","background-position":"center center","background-size":"auto","background-attachment":"scroll","background-type":"","background-media":"","overlay-type":"","overlay-color":"","overlay-opacity":"","overlay-gradient":""},"mobile":{"background-color":"var(--ast-global-color-5)","background-image":"","background-repeat":"repeat","background-position":"center center","background-size":"auto","background-attachment":"scroll","background-type":"","background-media":"","overlay-type":"","overlay-color":"","overlay-opacity":"","overlay-gradient":""}},"footnotes":""},"categories":[],"tags":[156],"class_list":["post-7863","page","type-page","status-publish","hentry","tag-v2"],"yoast_head":"<!-- This site is optimized with the Yoast SEO plugin v27.4 - https:\/\/yoast.com\/product\/yoast-seo-wordpress\/ -->\n<title>Sustentabilidade - ADS Tigre Brasil<\/title>\n<meta name=\"description\" content=\"Na ADS Tigre, acreditamos que o futuro da ind\u00fastria est\u00e1 diretamente conectado com a preserva\u00e7\u00e3o do meio ambiente.\" \/>\n<meta name=\"robots\" content=\"index, follow, max-snippet:-1, max-image-preview:large, max-video-preview:-1\" \/>\n<link rel=\"canonical\" href=\"https:\/\/www.adstigre.com\/brasil\/sustentabilidade\/\" \/>\n<meta property=\"og:locale\" content=\"en_US\" \/>\n<meta property=\"og:type\" content=\"article\" \/>\n<meta property=\"og:title\" content=\"Sustentabilidade - ADS Tigre Brasil\" \/>\n<meta property=\"og:description\" content=\"Na ADS Tigre, acreditamos que o futuro da ind\u00fastria est\u00e1 diretamente conectado com a preserva\u00e7\u00e3o do meio ambiente.\" \/>\n<meta property=\"og:url\" content=\"https:\/\/www.adstigre.com\/brasil\/sustentabilidade\/\" \/>\n<meta property=\"og:site_name\" content=\"ADS Tigre Brasil\" \/>\n<meta property=\"article:publisher\" content=\"https:\/\/www.facebook.com\/TubosTigreAdsDoBrasil\" \/>\n<meta property=\"article:modified_time\" content=\"2026-05-08T16:09:52+00:00\" \/>\n<meta property=\"og:image\" content=\"http:\/\/www.adstigre.com\/brasil\/wp-content\/uploads\/sites\/2\/2025\/05\/ODS_6-br.png\" \/>\n<meta name=\"twitter:card\" content=\"summary_large_image\" \/>\n<meta name=\"twitter:label1\" content=\"Est. reading time\" \/>\n\t<meta name=\"twitter:data1\" content=\"7 minutes\" \/>\n<script type=\"application\/ld+json\" class=\"yoast-schema-graph\">{\"@context\":\"https:\\\/\\\/schema.org\",\"@graph\":[{\"@type\":\"WebPage\",\"@id\":\"https:\\\/\\\/www.adstigre.com\\\/brasil\\\/sustentabilidade\\\/\",\"url\":\"https:\\\/\\\/www.adstigre.com\\\/brasil\\\/sustentabilidade\\\/\",\"name\":\"Sustentabilidade - ADS Tigre Brasil\",\"isPartOf\":{\"@id\":\"https:\\\/\\\/www.adstigre.com\\\/brasil\\\/#website\"},\"primaryImageOfPage\":{\"@id\":\"https:\\\/\\\/www.adstigre.com\\\/brasil\\\/sustentabilidade\\\/#primaryimage\"},\"image\":{\"@id\":\"https:\\\/\\\/www.adstigre.com\\\/brasil\\\/sustentabilidade\\\/#primaryimage\"},\"thumbnailUrl\":\"http:\\\/\\\/www.adstigre.com\\\/brasil\\\/wp-content\\\/uploads\\\/sites\\\/2\\\/2025\\\/05\\\/ODS_6-br.png\",\"datePublished\":\"2024-05-09T13:01:46+00:00\",\"dateModified\":\"2026-05-08T16:09:52+00:00\",\"description\":\"Na ADS Tigre, acreditamos que o futuro da ind\u00fastria est\u00e1 diretamente conectado com a preserva\u00e7\u00e3o do meio ambiente.\",\"breadcrumb\":{\"@id\":\"https:\\\/\\\/www.adstigre.com\\\/brasil\\\/sustentabilidade\\\/#breadcrumb\"},\"inLanguage\":\"en-US\",\"potentialAction\":[{\"@type\":\"ReadAction\",\"target\":[\"https:\\\/\\\/www.adstigre.com\\\/brasil\\\/sustentabilidade\\\/\"]}]},{\"@type\":\"ImageObject\",\"inLanguage\":\"en-US\",\"@id\":\"https:\\\/\\\/www.adstigre.com\\\/brasil\\\/sustentabilidade\\\/#primaryimage\",\"url\":\"http:\\\/\\\/www.adstigre.com\\\/brasil\\\/wp-content\\\/uploads\\\/sites\\\/2\\\/2025\\\/05\\\/ODS_6-br.png\",\"contentUrl\":\"http:\\\/\\\/www.adstigre.com\\\/brasil\\\/wp-content\\\/uploads\\\/sites\\\/2\\\/2025\\\/05\\\/ODS_6-br.png\"},{\"@type\":\"BreadcrumbList\",\"@id\":\"https:\\\/\\\/www.adstigre.com\\\/brasil\\\/sustentabilidade\\\/#breadcrumb\",\"itemListElement\":[{\"@type\":\"ListItem\",\"position\":1,\"name\":\"In\u00edcio\",\"item\":\"https:\\\/\\\/www.adstigre.com\\\/brasil\\\/\"},{\"@type\":\"ListItem\",\"position\":2,\"name\":\"Sustentabilidade\"}]},{\"@type\":\"WebSite\",\"@id\":\"https:\\\/\\\/www.adstigre.com\\\/brasil\\\/#website\",\"url\":\"https:\\\/\\\/www.adstigre.com\\\/brasil\\\/\",\"name\":\"ADS Tigre Brasil\",\"description\":\"ADS Tigre - Uma Joint Venture entre a ADS e a Tigre\",\"publisher\":{\"@id\":\"https:\\\/\\\/www.adstigre.com\\\/brasil\\\/#organization\"},\"potentialAction\":[{\"@type\":\"SearchAction\",\"target\":{\"@type\":\"EntryPoint\",\"urlTemplate\":\"https:\\\/\\\/www.adstigre.com\\\/brasil\\\/?s={search_term_string}\"},\"query-input\":{\"@type\":\"PropertyValueSpecification\",\"valueRequired\":true,\"valueName\":\"search_term_string\"}}],\"inLanguage\":\"en-US\"},{\"@type\":\"Organization\",\"@id\":\"https:\\\/\\\/www.adstigre.com\\\/brasil\\\/#organization\",\"name\":\"ADS Tigre Brasil\",\"url\":\"https:\\\/\\\/www.adstigre.com\\\/brasil\\\/\",\"logo\":{\"@type\":\"ImageObject\",\"inLanguage\":\"en-US\",\"@id\":\"https:\\\/\\\/www.adstigre.com\\\/brasil\\\/#\\\/schema\\\/logo\\\/image\\\/\",\"url\":\"https:\\\/\\\/www.adstigre.com\\\/brasil\\\/wp-content\\\/uploads\\\/sites\\\/2\\\/2024\\\/10\\\/marca-ADS-Tigre-1.png\",\"contentUrl\":\"https:\\\/\\\/www.adstigre.com\\\/brasil\\\/wp-content\\\/uploads\\\/sites\\\/2\\\/2024\\\/10\\\/marca-ADS-Tigre-1.png\",\"width\":1318,\"height\":1317,\"caption\":\"ADS Tigre Brasil\"},\"image\":{\"@id\":\"https:\\\/\\\/www.adstigre.com\\\/brasil\\\/#\\\/schema\\\/logo\\\/image\\\/\"},\"sameAs\":[\"https:\\\/\\\/www.facebook.com\\\/TubosTigreAdsDoBrasil\",\"https:\\\/\\\/www.instagram.com\\\/adstigredobrasil\",\"https:\\\/\\\/www.linkedin.com\\\/company\\\/tigre-adsdobrasil\\\/\"]}]}<\/script>\n<!-- \/ Yoast SEO plugin. -->","yoast_head_json":{"title":"Sustentabilidade - ADS Tigre Brasil","description":"Na ADS Tigre, acreditamos que o futuro da ind\u00fastria est\u00e1 diretamente conectado com a preserva\u00e7\u00e3o do meio ambiente.","robots":{"index":"index","follow":"follow","max-snippet":"max-snippet:-1","max-image-preview":"max-image-preview:large","max-video-preview":"max-video-preview:-1"},"canonical":"https:\/\/www.adstigre.com\/brasil\/sustentabilidade\/","og_locale":"en_US","og_type":"article","og_title":"Sustentabilidade - ADS Tigre Brasil","og_description":"Na ADS Tigre, acreditamos que o futuro da ind\u00fastria est\u00e1 diretamente conectado com a preserva\u00e7\u00e3o do meio ambiente.","og_url":"https:\/\/www.adstigre.com\/brasil\/sustentabilidade\/","og_site_name":"ADS Tigre Brasil","article_publisher":"https:\/\/www.facebook.com\/TubosTigreAdsDoBrasil","article_modified_time":"2026-05-08T16:09:52+00:00","og_image":[{"url":"http:\/\/www.adstigre.com\/brasil\/wp-content\/uploads\/sites\/2\/2025\/05\/ODS_6-br.png","type":"","width":"","height":""}],"twitter_card":"summary_large_image","twitter_misc":{"Est. reading time":"7 minutes"},"schema":{"@context":"https:\/\/schema.org","@graph":[{"@type":"WebPage","@id":"https:\/\/www.adstigre.com\/brasil\/sustentabilidade\/","url":"https:\/\/www.adstigre.com\/brasil\/sustentabilidade\/","name":"Sustentabilidade - ADS Tigre Brasil","isPartOf":{"@id":"https:\/\/www.adstigre.com\/brasil\/#website"},"primaryImageOfPage":{"@id":"https:\/\/www.adstigre.com\/brasil\/sustentabilidade\/#primaryimage"},"image":{"@id":"https:\/\/www.adstigre.com\/brasil\/sustentabilidade\/#primaryimage"},"thumbnailUrl":"http:\/\/www.adstigre.com\/brasil\/wp-content\/uploads\/sites\/2\/2025\/05\/ODS_6-br.png","datePublished":"2024-05-09T13:01:46+00:00","dateModified":"2026-05-08T16:09:52+00:00","description":"Na ADS Tigre, acreditamos que o futuro da ind\u00fastria est\u00e1 diretamente conectado com a preserva\u00e7\u00e3o do meio ambiente.","breadcrumb":{"@id":"https:\/\/www.adstigre.com\/brasil\/sustentabilidade\/#breadcrumb"},"inLanguage":"en-US","potentialAction":[{"@type":"ReadAction","target":["https:\/\/www.adstigre.com\/brasil\/sustentabilidade\/"]}]},{"@type":"ImageObject","inLanguage":"en-US","@id":"https:\/\/www.adstigre.com\/brasil\/sustentabilidade\/#primaryimage","url":"http:\/\/www.adstigre.com\/brasil\/wp-content\/uploads\/sites\/2\/2025\/05\/ODS_6-br.png","contentUrl":"http:\/\/www.adstigre.com\/brasil\/wp-content\/uploads\/sites\/2\/2025\/05\/ODS_6-br.png"},{"@type":"BreadcrumbList","@id":"https:\/\/www.adstigre.com\/brasil\/sustentabilidade\/#breadcrumb","itemListElement":[{"@type":"ListItem","position":1,"name":"In\u00edcio","item":"https:\/\/www.adstigre.com\/brasil\/"},{"@type":"ListItem","position":2,"name":"Sustentabilidade"}]},{"@type":"WebSite","@id":"https:\/\/www.adstigre.com\/brasil\/#website","url":"https:\/\/www.adstigre.com\/brasil\/","name":"ADS Tigre Brasil","description":"ADS Tigre - Uma Joint Venture entre a ADS e a Tigre","publisher":{"@id":"https:\/\/www.adstigre.com\/brasil\/#organization"},"potentialAction":[{"@type":"SearchAction","target":{"@type":"EntryPoint","urlTemplate":"https:\/\/www.adstigre.com\/brasil\/?s={search_term_string}"},"query-input":{"@type":"PropertyValueSpecification","valueRequired":true,"valueName":"search_term_string"}}],"inLanguage":"en-US"},{"@type":"Organization","@id":"https:\/\/www.adstigre.com\/brasil\/#organization","name":"ADS Tigre Brasil","url":"https:\/\/www.adstigre.com\/brasil\/","logo":{"@type":"ImageObject","inLanguage":"en-US","@id":"https:\/\/www.adstigre.com\/brasil\/#\/schema\/logo\/image\/","url":"https:\/\/www.adstigre.com\/brasil\/wp-content\/uploads\/sites\/2\/2024\/10\/marca-ADS-Tigre-1.png","contentUrl":"https:\/\/www.adstigre.com\/brasil\/wp-content\/uploads\/sites\/2\/2024\/10\/marca-ADS-Tigre-1.png","width":1318,"height":1317,"caption":"ADS Tigre Brasil"},"image":{"@id":"https:\/\/www.adstigre.com\/brasil\/#\/schema\/logo\/image\/"},"sameAs":["https:\/\/www.facebook.com\/TubosTigreAdsDoBrasil","https:\/\/www.instagram.com\/adstigredobrasil","https:\/\/www.linkedin.com\/company\/tigre-adsdobrasil\/"]}]}},"_links":{"self":[{"href":"https:\/\/www.adstigre.com\/brasil\/wp-json\/wp\/v2\/pages\/7863","targetHints":{"allow":["GET"]}}],"collection":[{"href":"https:\/\/www.adstigre.com\/brasil\/wp-json\/wp\/v2\/pages"}],"about":[{"href":"https:\/\/www.adstigre.com\/brasil\/wp-json\/wp\/v2\/types\/page"}],"author":[{"embeddable":true,"href":"https:\/\/www.adstigre.com\/brasil\/wp-json\/wp\/v2\/users\/15"}],"replies":[{"embeddable":true,"href":"https:\/\/www.adstigre.com\/brasil\/wp-json\/wp\/v2\/comments?post=7863"}],"version-history":[{"count":4,"href":"https:\/\/www.adstigre.com\/brasil\/wp-json\/wp\/v2\/pages\/7863\/revisions"}],"predecessor-version":[{"id":10588,"href":"https:\/\/www.adstigre.com\/brasil\/wp-json\/wp\/v2\/pages\/7863\/revisions\/10588"}],"wp:attachment":[{"href":"https:\/\/www.adstigre.com\/brasil\/wp-json\/wp\/v2\/media?parent=7863"}],"wp:term":[{"taxonomy":"category","embeddable":true,"href":"https:\/\/www.adstigre.com\/brasil\/wp-json\/wp\/v2\/categories?post=7863"},{"taxonomy":"post_tag","embeddable":true,"href":"https:\/\/www.adstigre.com\/brasil\/wp-json\/wp\/v2\/tags?post=7863"}],"curies":[{"name":"wp","href":"https:\/\/api.w.org\/{rel}","templated":true}]}}