{"id":2210,"date":"2020-06-29T09:20:39","date_gmt":"2020-06-29T12:20:39","guid":{"rendered":"https:\/\/www.tigre-ads.com\/argentina\/aplicaciones\/"},"modified":"2025-04-29T09:32:55","modified_gmt":"2025-04-29T12:32:55","slug":"aplicaciones","status":"publish","type":"page","link":"https:\/\/www.adstigre.com\/argentina\/aplicaciones\/","title":{"rendered":"Aplicaciones"},"content":{"rendered":"\n\n\t\t\t<h1> APLICACIONES RESILIENTES<\/h1>\t\t\t\n\t<h3>La Resiliencia es la habilidad de adaptarse y recuperarse efectivamente de eventos adversos, como desaf\u00edos del d\u00eda a d\u00eda o condiciones clim\u00e1ticas severas. En ADS TIGRE, nos enorgullecemos de estar en la vanguardia de la <strong>resiliencia<\/strong> y la <strong>sostenibilidad<\/strong>.<\/h3>\n\t<p>La resiliencia se vuelve cada vez m\u00e1s crucial en un mundo marcado por eventos clim\u00e1ticos extremos y cambios ambientales. En el mercado de drenaje pluvial, esta cuesti\u00f3n cobra relevancia, ya que la gesti\u00f3n eficiente de las aguas pluviales es fundamental para mitigar los impactos de las lluvias intensas y las inundaciones. Con el calentamiento global contribuyendo a la inestabilidad del clima, es vital que las soluciones de drenaje est\u00e9n integradas en un enfoque sostenible, considerando tambi\u00e9n el tratamiento de aguas residuales y los desaf\u00edos de cada aplicaci\u00f3n.<\/p>\n<p>Las consecuencias del cambio clim\u00e1tico, como la contaminaci\u00f3n y el aumento en la frecuencia de desastres naturales, exigen innovaciones que permitan una respuesta r\u00e1pida y eficaz. En este contexto, los productos ofrecidos por ADS TIGRE se destacan por su capacidad de promover tanto la resiliencia como la sostenibilidad. No solo satisfacen las necesidades inmediatas de manejo de aguas pluviales, sino que tambi\u00e9n son parte de una estrategia m\u00e1s amplia que contempla la preservaci\u00f3n ambiental.<\/p>\n<p>As\u00ed, al desarrollar soluciones para el drenaje pluvial, es esencial que miremos hacia el futuro. La integraci\u00f3n de estas soluciones con acciones de adaptaci\u00f3n al cambio clim\u00e1tico, con el fin de reducir el impacto ambiental, debe ser una prioridad para promover un desarrollo verdaderamente sostenible.<\/p>\n<h2>\n\t\tAplicaciones\n\t<\/h2>\n\t<p>La resiliencia es esencial en el mercado de infraestructura, integrando soluciones sostenibles para enfrentar eventos clim\u00e1ticos extremos y las consecuencias del cambio clim\u00e1tico. Los productos de ADS TIGRE, con un amplio portafolio que permite atender diferentes proyectos con mayor productividad, seguridad y econom\u00eda. Consulta a continuaci\u00f3n:<\/p>\n        \t<a href=\"https:\/\/www.adstigre.com\/argentina\/aplicaciones\/drenaje-pluvial\/\" target=\"_self\">            \n\t\t\t\t\t\t<img decoding=\"async\" src=\"http:\/\/www.adstigre.com\/argentina\/wp-content\/uploads\/sites\/27\/2020\/06\/drenagem-pluvial.jpg\" alt=\"DRENAJE PLUVIAL\" data-no-lazy=\"1\" \/>\t\t\t\t\t\n                            <p>DRENAJE PLUVIAL<\/p>\n            <\/a>\t\t\n        \t<a href=\"https:\/\/www.adstigre.com\/argentina\/aplicaciones\/alcantarillado-sanitario\/\" target=\"_self\">            \n\t\t\t\t\t\t<img decoding=\"async\" src=\"http:\/\/www.adstigre.com\/argentina\/wp-content\/uploads\/sites\/27\/2025\/03\/ALCANTARILLADO-SANITARIO.jpg\" alt=\"ALCANTARILLADO SANITARIO\" data-no-lazy=\"1\" \/>\t\t\t\t\t\n                            <p>ALCANTARILLADO SANITARIO<\/p>\n            <\/a>\t\t\n        \t<a href=\"https:\/\/www.adstigre.com\/argentina\/aplicaciones\/detencion-retencion\/\" target=\"_self\">            \n\t\t\t\t\t\t<img decoding=\"async\" src=\"http:\/\/www.adstigre.com\/argentina\/wp-content\/uploads\/sites\/27\/2020\/06\/retencao-detencao.jpg\" alt=\"DETENCI\u00d3N \/ RETENCI\u00d3N\" data-no-lazy=\"1\" \/>\t\t\t\t\t\n                            <p>DETENCI\u00d3N \/ RETENCI\u00d3N<\/p>\n            <\/a>\t\t\n        \t<a href=\"https:\/\/www.adstigre.com\/argentina\/aplicaciones\/sistema-de-unidad-de-calidad-de-agua-uca\/\" target=\"_self\">            \n\t\t\t\t\t\t<img decoding=\"async\" src=\"http:\/\/www.adstigre.com\/argentina\/wp-content\/uploads\/sites\/27\/2020\/06\/sistema-qualidade-agua.jpg\" alt=\"UNIDAD DE CALIDAD DE AGUA \"UCA\"\" data-no-lazy=\"1\" \/>\t\t\t\t\t\n                            <p>UNIDAD DE CALIDAD DE AGUA &#8220;UCA&#8221;<\/p>\n            <\/a>\t\t\n        \t<a href=\"https:\/\/www.adstigre.com\/argentina\/aplicaciones\/autopistas-carreteras\/\" target=\"_self\">            \n\t\t\t\t\t\t<img decoding=\"async\" src=\"http:\/\/www.adstigre.com\/argentina\/wp-content\/uploads\/sites\/27\/2025\/03\/AUTOPISTA-CARRETERAS.jpg\" alt=\"AUTOPISTAS\/CARRETERAS\" data-no-lazy=\"1\" \/>\t\t\t\t\t\n                            <p>AUTOPISTAS\/CARRETERAS<\/p>\n            <\/a>\t\t\n        \t<a href=\"https:\/\/www.adstigre.com\/argentina\/aplicaciones\/aeropuertos\/\" target=\"_self\">            \n\t\t\t\t\t\t<img decoding=\"async\" src=\"http:\/\/www.adstigre.com\/argentina\/wp-content\/uploads\/sites\/27\/2020\/06\/aeroportos-2.jpg\" alt=\"AEROPUERTOS\" data-no-lazy=\"1\" \/>\t\t\t\t\t\n                            <p>AEROPUERTOS<\/p>\n            <\/a>\t\t\n        \t<a href=\"https:\/\/www.adstigre.com\/argentina\/aplicaciones\/ferrocarriles\/\" target=\"_self\">            \n\t\t\t\t\t\t<img decoding=\"async\" src=\"http:\/\/www.adstigre.com\/argentina\/wp-content\/uploads\/sites\/27\/2020\/06\/ferrovias.jpg\" alt=\"FERROCARRILES\" data-no-lazy=\"1\" \/>\t\t\t\t\t\n                            <p>FERROCARRILES<\/p>\n            <\/a>\t\t\n        \t<a href=\"https:\/\/www.adstigre.com\/argentina\/aplicaciones\/puertos\/\" target=\"_self\">            \n\t\t\t\t\t\t<img decoding=\"async\" src=\"http:\/\/www.adstigre.com\/argentina\/wp-content\/uploads\/sites\/27\/2025\/03\/PUERTOS.jpg\" alt=\"PUERTOS\" data-no-lazy=\"1\" \/>\t\t\t\t\t\n                            <p>PUERTOS<\/p>\n            <\/a>\t\t\n        \t<a href=\"https:\/\/www.adstigre.com\/argentina\/aplicaciones\/mineria\/\" target=\"_self\">            \n\t\t\t\t\t\t<img decoding=\"async\" src=\"http:\/\/www.adstigre.com\/argentina\/wp-content\/uploads\/sites\/27\/2020\/06\/mineracao.jpg\" alt=\"MINER\u00cdA\" data-no-lazy=\"1\" \/>\t\t\t\t\t\n                            <p>MINER\u00cdA<\/p>\n            <\/a>\t\t\n        \t<a href=\"https:\/\/www.adstigre.com\/argentina\/aplicaciones\/drenaje-agricultura\/\" target=\"_self\">            \n\t\t\t\t\t\t<img decoding=\"async\" src=\"http:\/\/www.adstigre.com\/argentina\/wp-content\/uploads\/sites\/27\/2025\/03\/DRENAJE-AGRICULTURA.jpg\" alt=\"DRENAJE AGRICULTURA\" data-no-lazy=\"1\" \/>\t\t\t\t\t\n                            <p>DRENAJE AGRICULTURA<\/p>\n            <\/a>\t\t\n        \t<a href=\"https:\/\/www.adstigre.com\/argentina\/aplicaciones\/tratamiento-de-residuos\/\" target=\"_self\">            \n\t\t\t\t\t\t<img decoding=\"async\" src=\"http:\/\/www.adstigre.com\/argentina\/wp-content\/uploads\/sites\/27\/2025\/03\/TRATAMIENTO-DE-RESIDUOS.jpg\" alt=\"TRATAMIENTO DE RESIDUOS\" data-no-lazy=\"1\" \/>\t\t\t\t\t\n                            <p>TRATAMIENTO DE RESIDUOS<\/p>\n            <\/a>\t\t\n        \t<a href=\"https:\/\/www.adstigre.com\/argentina\/aplicaciones\/forestal\/\" target=\"_self\">            \n\t\t\t\t\t\t<img decoding=\"async\" src=\"http:\/\/www.adstigre.com\/argentina\/wp-content\/uploads\/sites\/27\/2020\/06\/florestal.jpg\" alt=\"FORESTAL\" data-no-lazy=\"1\" \/>\t\t\t\t\t\n                            <p>FORESTAL<\/p>\n            <\/a>\t\t\n        \t<a href=\"https:\/\/www.adstigre.com\/argentina\/aplicaciones\/canales\/\" target=\"_self\">            \n\t\t\t\t\t\t<img decoding=\"async\" src=\"http:\/\/www.adstigre.com\/argentina\/wp-content\/uploads\/sites\/27\/2020\/06\/canalizacao.jpg\" alt=\"CANALES\" data-no-lazy=\"1\" \/>\t\t\t\t\t\n                            <p>CANALES<\/p>\n            <\/a>\t\t\n        \t<a href=\"https:\/\/www.adstigre.com\/argentina\/aplicaciones\/industrial\/\" target=\"_self\">            \n\t\t\t\t\t\t<img decoding=\"async\" src=\"http:\/\/www.adstigre.com\/argentina\/wp-content\/uploads\/sites\/27\/2025\/04\/industrial.jpg\" alt=\"INDUSTRIAL\" data-no-lazy=\"1\" \/>\t\t\t\t\t\n                            <p>INDUSTRIAL<\/p>\n            <\/a>\t\t\n        \t<a href=\"https:\/\/www.adstigre.com\/argentina\/aplicaciones\/eletricidad-instrumentacion-y-telecomunicaciones\/\" target=\"_self\">            \n\t\t\t\t\t\t<img decoding=\"async\" src=\"http:\/\/www.adstigre.com\/argentina\/wp-content\/uploads\/sites\/27\/2025\/04\/eletricidad.jpg\" alt=\"ELECTRICIDAD\" data-no-lazy=\"1\" \/>\t\t\t\t\t\n                            <p>ELECTRICIDAD<\/p>\n            <\/a>\t\t\n        \t<a href=\"https:\/\/www.adstigre.com\/argentina\/aplicaciones\/camaras-conformadas-hdpe\/\" target=\"_self\">            \n\t\t\t\t\t\t<img decoding=\"async\" src=\"http:\/\/www.adstigre.com\/argentina\/wp-content\/uploads\/sites\/27\/2025\/04\/camaras-conformadas-HDPE.jpg\" alt=\"C\u00c1MARAS CONFORMADAS HDPE\" data-no-lazy=\"1\" \/>\t\t\t\t\t\n                            <p>C\u00c1MARAS CONFORMADAS HDPE<\/p>\n            <\/a>\t\t\n        \t<a href=\"https:\/\/www.adstigre.com\/argentina\/aplicaciones\/fiitings-conformado\/\" target=\"_self\">            \n\t\t\t\t\t\t<img decoding=\"async\" src=\"http:\/\/www.adstigre.com\/argentina\/wp-content\/uploads\/sites\/27\/2025\/04\/fiitings-conformado.jpg\" alt=\"FIITINGS CONFORMADO\" data-no-lazy=\"1\" \/>\t\t\t\t\t\n                            <p>FIITINGS CONFORMADO<\/p>\n            <\/a>\t\t\n        \t<a href=\"https:\/\/www.adstigre.com\/argentina\/aplicaciones\/fiitings-inyectado\/\" target=\"_self\">            \n\t\t\t\t\t\t<img decoding=\"async\" src=\"http:\/\/www.adstigre.com\/argentina\/wp-content\/uploads\/sites\/27\/2025\/04\/fiitings-inyectado.jpg\" alt=\"FIITINGS INYECTADO\" data-no-lazy=\"1\" \/>\t\t\t\t\t\n                            <p>FIITINGS INYECTADO<\/p>\n            <\/a>\t\t\n        \t<a href=\"https:\/\/www.adstigre.com\/argentina\/aplicaciones\/anillo-de-estanqueidad-para-camaras\/\" target=\"_self\">            \n\t\t\t\t\t\t<img decoding=\"async\" src=\"http:\/\/www.adstigre.com\/argentina\/wp-content\/uploads\/sites\/27\/2025\/04\/anillo-de-estanqueidad.jpg\" alt=\"ANILLO DE ESTANQUEIDAD\" data-no-lazy=\"1\" \/>\t\t\t\t\t\n                            <p>ANILLO DE ESTANQUEIDAD<\/p>\n            <\/a>\t\t\n        \t<a href=\"https:\/\/www.adstigre.com\/argentina\/aplicaciones\/copla-abrazadera\/\" target=\"_self\">            \n\t\t\t\t\t\t<img decoding=\"async\" src=\"http:\/\/www.adstigre.com\/argentina\/wp-content\/uploads\/sites\/27\/2025\/04\/copla-abrazadera.jpg\" alt=\"COPLA ABRAZADERA\" data-no-lazy=\"1\" \/>\t\t\t\t\t\n                            <p>COPLA ABRAZADERA<\/p>\n            <\/a>\t\t\n        \t<a href=\"https:\/\/www.adstigre.com\/argentina\/aplicaciones\/piezas-especiales\/\" target=\"_self\">            \n\t\t\t\t\t\t<img decoding=\"async\" src=\"http:\/\/www.adstigre.com\/argentina\/wp-content\/uploads\/sites\/27\/2025\/04\/piezas-especialesl.jpg\" alt=\"PIEZAS ESPECIALES\" data-no-lazy=\"1\" \/>\t\t\t\t\t\n                            <p>PIEZAS ESPECIALES<\/p>\n            <\/a>\t\t\n\t\t\t<button>Next<\/button>\n\t\t<button>Previous<\/button>\n\n","protected":false},"excerpt":{"rendered":"<p>APLICACIONES RESILIENTES La Resiliencia es la habilidad de adaptarse y [&hellip;]<\/p>\n","protected":false},"author":3,"featured_media":0,"parent":0,"menu_order":0,"comment_status":"closed","ping_status":"closed","template":"","meta":{"_monsterinsights_skip_tracking":false,"_monsterinsights_sitenote_active":false,"_monsterinsights_sitenote_note":"","_monsterinsights_sitenote_category":0,"site-sidebar-layout":"default","site-content-layout":"default","ast-site-content-layout":"default","site-content-style":"default","site-sidebar-style":"default","ast-global-header-display":"","ast-banner-title-visibility":"","ast-main-header-display":"","ast-hfb-above-header-display":"","ast-hfb-below-header-display":"","ast-hfb-mobile-header-display":"","site-post-title":"disabled","ast-breadcrumbs-content":"","ast-featured-img":"","footer-sml-layout":"","ast-disable-related-posts":"","theme-transparent-header-meta":"default","adv-header-id-meta":"","stick-header-meta":"default","header-above-stick-meta":"","header-main-stick-meta":"","header-below-stick-meta":"","astra-migrate-meta-layouts":"set","ast-page-background-enabled":"default","ast-page-background-meta":{"desktop":{"background-color":"","background-image":"","background-repeat":"repeat","background-position":"center center","background-size":"auto","background-attachment":"scroll","background-type":"","background-media":"","overlay-type":"","overlay-color":"","overlay-opacity":"","overlay-gradient":""},"tablet":{"background-color":"","background-image":"","background-repeat":"repeat","background-position":"center center","background-size":"auto","background-attachment":"scroll","background-type":"","background-media":"","overlay-type":"","overlay-color":"","overlay-opacity":"","overlay-gradient":""},"mobile":{"background-color":"","background-image":"","background-repeat":"repeat","background-position":"center center","background-size":"auto","background-attachment":"scroll","background-type":"","background-media":"","overlay-type":"","overlay-color":"","overlay-opacity":"","overlay-gradient":""}},"ast-content-background-meta":{"desktop":{"background-color":"var(--ast-global-color-5)","background-image":"","background-repeat":"repeat","background-position":"center center","background-size":"auto","background-attachment":"scroll","background-type":"","background-media":"","overlay-type":"","overlay-color":"","overlay-opacity":"","overlay-gradient":""},"tablet":{"background-color":"var(--ast-global-color-5)","background-image":"","background-repeat":"repeat","background-position":"center center","background-size":"auto","background-attachment":"scroll","background-type":"","background-media":"","overlay-type":"","overlay-color":"","overlay-opacity":"","overlay-gradient":""},"mobile":{"background-color":"var(--ast-global-color-5)","background-image":"","background-repeat":"repeat","background-position":"center center","background-size":"auto","background-attachment":"scroll","background-type":"","background-media":"","overlay-type":"","overlay-color":"","overlay-opacity":"","overlay-gradient":""}},"footnotes":""},"categories":[],"tags":[],"class_list":["post-2210","page","type-page","status-publish","hentry"],"yoast_head":"<!-- This site is optimized with the Yoast SEO plugin v26.2 - https:\/\/yoast.com\/wordpress\/plugins\/seo\/ -->\n<title>Aplicaciones - ADS Tigre Argentina<\/title>\n<meta name=\"robots\" content=\"index, follow, max-snippet:-1, max-image-preview:large, max-video-preview:-1\" \/>\n<link rel=\"canonical\" href=\"http:\/\/www.adstigre.com\/argentina\/aplicaciones\/\" \/>\n<meta property=\"og:locale\" content=\"en_US\" \/>\n<meta property=\"og:type\" content=\"article\" \/>\n<meta property=\"og:title\" content=\"Aplicaciones - ADS Tigre Argentina\" \/>\n<meta property=\"og:description\" content=\"APLICACIONES RESILIENTES La Resiliencia es la habilidad de adaptarse y [&hellip;]\" \/>\n<meta property=\"og:url\" content=\"http:\/\/www.adstigre.com\/argentina\/aplicaciones\/\" \/>\n<meta property=\"og:site_name\" content=\"ADS Tigre Argentina\" \/>\n<meta property=\"article:modified_time\" content=\"2025-04-29T12:32:55+00:00\" \/>\n<meta property=\"og:image\" content=\"http:\/\/www.adstigre.com\/argentina\/wp-content\/uploads\/sites\/27\/2020\/06\/drenagem-pluvial.jpg\" \/>\n<meta name=\"twitter:card\" content=\"summary_large_image\" \/>\n<meta name=\"twitter:label1\" content=\"Est. reading time\" \/>\n\t<meta name=\"twitter:data1\" content=\"2 minutes\" \/>\n<script type=\"application\/ld+json\" class=\"yoast-schema-graph\">{\"@context\":\"https:\/\/schema.org\",\"@graph\":[{\"@type\":\"WebPage\",\"@id\":\"http:\/\/www.adstigre.com\/argentina\/aplicaciones\/\",\"url\":\"http:\/\/www.adstigre.com\/argentina\/aplicaciones\/\",\"name\":\"Aplicaciones - ADS Tigre Argentina\",\"isPartOf\":{\"@id\":\"http:\/\/www.adstigre.com\/argentina\/#website\"},\"primaryImageOfPage\":{\"@id\":\"http:\/\/www.adstigre.com\/argentina\/aplicaciones\/#primaryimage\"},\"image\":{\"@id\":\"http:\/\/www.adstigre.com\/argentina\/aplicaciones\/#primaryimage\"},\"thumbnailUrl\":\"http:\/\/www.adstigre.com\/argentina\/wp-content\/uploads\/sites\/27\/2020\/06\/drenagem-pluvial.jpg\",\"datePublished\":\"2020-06-29T12:20:39+00:00\",\"dateModified\":\"2025-04-29T12:32:55+00:00\",\"breadcrumb\":{\"@id\":\"http:\/\/www.adstigre.com\/argentina\/aplicaciones\/#breadcrumb\"},\"inLanguage\":\"en-US\",\"potentialAction\":[{\"@type\":\"ReadAction\",\"target\":[\"http:\/\/www.adstigre.com\/argentina\/aplicaciones\/\"]}]},{\"@type\":\"ImageObject\",\"inLanguage\":\"en-US\",\"@id\":\"http:\/\/www.adstigre.com\/argentina\/aplicaciones\/#primaryimage\",\"url\":\"http:\/\/www.adstigre.com\/argentina\/wp-content\/uploads\/sites\/27\/2020\/06\/drenagem-pluvial.jpg\",\"contentUrl\":\"http:\/\/www.adstigre.com\/argentina\/wp-content\/uploads\/sites\/27\/2020\/06\/drenagem-pluvial.jpg\"},{\"@type\":\"BreadcrumbList\",\"@id\":\"http:\/\/www.adstigre.com\/argentina\/aplicaciones\/#breadcrumb\",\"itemListElement\":[{\"@type\":\"ListItem\",\"position\":1,\"name\":\"In\u00edcio\",\"item\":\"http:\/\/www.adstigre.com\/argentina\/\"},{\"@type\":\"ListItem\",\"position\":2,\"name\":\"Aplicaciones\"}]},{\"@type\":\"WebSite\",\"@id\":\"http:\/\/www.adstigre.com\/argentina\/#website\",\"url\":\"http:\/\/www.adstigre.com\/argentina\/\",\"name\":\"ADS Tigre Argentina\",\"description\":\"Um site do grupo tigre\",\"potentialAction\":[{\"@type\":\"SearchAction\",\"target\":{\"@type\":\"EntryPoint\",\"urlTemplate\":\"http:\/\/www.adstigre.com\/argentina\/?s={search_term_string}\"},\"query-input\":{\"@type\":\"PropertyValueSpecification\",\"valueRequired\":true,\"valueName\":\"search_term_string\"}}],\"inLanguage\":\"en-US\"}]}<\/script>\n<!-- \/ Yoast SEO plugin. -->","yoast_head_json":{"title":"Aplicaciones - ADS Tigre Argentina","robots":{"index":"index","follow":"follow","max-snippet":"max-snippet:-1","max-image-preview":"max-image-preview:large","max-video-preview":"max-video-preview:-1"},"canonical":"http:\/\/www.adstigre.com\/argentina\/aplicaciones\/","og_locale":"en_US","og_type":"article","og_title":"Aplicaciones - ADS Tigre Argentina","og_description":"APLICACIONES RESILIENTES La Resiliencia es la habilidad de adaptarse y [&hellip;]","og_url":"http:\/\/www.adstigre.com\/argentina\/aplicaciones\/","og_site_name":"ADS Tigre Argentina","article_modified_time":"2025-04-29T12:32:55+00:00","og_image":[{"url":"http:\/\/www.adstigre.com\/argentina\/wp-content\/uploads\/sites\/27\/2020\/06\/drenagem-pluvial.jpg","type":"","width":"","height":""}],"twitter_card":"summary_large_image","twitter_misc":{"Est. reading time":"2 minutes"},"schema":{"@context":"https:\/\/schema.org","@graph":[{"@type":"WebPage","@id":"http:\/\/www.adstigre.com\/argentina\/aplicaciones\/","url":"http:\/\/www.adstigre.com\/argentina\/aplicaciones\/","name":"Aplicaciones - ADS Tigre Argentina","isPartOf":{"@id":"http:\/\/www.adstigre.com\/argentina\/#website"},"primaryImageOfPage":{"@id":"http:\/\/www.adstigre.com\/argentina\/aplicaciones\/#primaryimage"},"image":{"@id":"http:\/\/www.adstigre.com\/argentina\/aplicaciones\/#primaryimage"},"thumbnailUrl":"http:\/\/www.adstigre.com\/argentina\/wp-content\/uploads\/sites\/27\/2020\/06\/drenagem-pluvial.jpg","datePublished":"2020-06-29T12:20:39+00:00","dateModified":"2025-04-29T12:32:55+00:00","breadcrumb":{"@id":"http:\/\/www.adstigre.com\/argentina\/aplicaciones\/#breadcrumb"},"inLanguage":"en-US","potentialAction":[{"@type":"ReadAction","target":["http:\/\/www.adstigre.com\/argentina\/aplicaciones\/"]}]},{"@type":"ImageObject","inLanguage":"en-US","@id":"http:\/\/www.adstigre.com\/argentina\/aplicaciones\/#primaryimage","url":"http:\/\/www.adstigre.com\/argentina\/wp-content\/uploads\/sites\/27\/2020\/06\/drenagem-pluvial.jpg","contentUrl":"http:\/\/www.adstigre.com\/argentina\/wp-content\/uploads\/sites\/27\/2020\/06\/drenagem-pluvial.jpg"},{"@type":"BreadcrumbList","@id":"http:\/\/www.adstigre.com\/argentina\/aplicaciones\/#breadcrumb","itemListElement":[{"@type":"ListItem","position":1,"name":"In\u00edcio","item":"http:\/\/www.adstigre.com\/argentina\/"},{"@type":"ListItem","position":2,"name":"Aplicaciones"}]},{"@type":"WebSite","@id":"http:\/\/www.adstigre.com\/argentina\/#website","url":"http:\/\/www.adstigre.com\/argentina\/","name":"ADS Tigre Argentina","description":"Um site do grupo tigre","potentialAction":[{"@type":"SearchAction","target":{"@type":"EntryPoint","urlTemplate":"http:\/\/www.adstigre.com\/argentina\/?s={search_term_string}"},"query-input":{"@type":"PropertyValueSpecification","valueRequired":true,"valueName":"search_term_string"}}],"inLanguage":"en-US"}]}},"_links":{"self":[{"href":"https:\/\/www.adstigre.com\/argentina\/wp-json\/wp\/v2\/pages\/2210","targetHints":{"allow":["GET"]}}],"collection":[{"href":"https:\/\/www.adstigre.com\/argentina\/wp-json\/wp\/v2\/pages"}],"about":[{"href":"https:\/\/www.adstigre.com\/argentina\/wp-json\/wp\/v2\/types\/page"}],"author":[{"embeddable":true,"href":"https:\/\/www.adstigre.com\/argentina\/wp-json\/wp\/v2\/users\/3"}],"replies":[{"embeddable":true,"href":"https:\/\/www.adstigre.com\/argentina\/wp-json\/wp\/v2\/comments?post=2210"}],"version-history":[{"count":8,"href":"https:\/\/www.adstigre.com\/argentina\/wp-json\/wp\/v2\/pages\/2210\/revisions"}],"predecessor-version":[{"id":9972,"href":"https:\/\/www.adstigre.com\/argentina\/wp-json\/wp\/v2\/pages\/2210\/revisions\/9972"}],"wp:attachment":[{"href":"https:\/\/www.adstigre.com\/argentina\/wp-json\/wp\/v2\/media?parent=2210"}],"wp:term":[{"taxonomy":"category","embeddable":true,"href":"https:\/\/www.adstigre.com\/argentina\/wp-json\/wp\/v2\/categories?post=2210"},{"taxonomy":"post_tag","embeddable":true,"href":"https:\/\/www.adstigre.com\/argentina\/wp-json\/wp\/v2\/tags?post=2210"}],"curies":[{"name":"wp","href":"https:\/\/api.w.org\/{rel}","templated":true}]}}