{"id":9784,"date":"2025-04-02T16:43:43","date_gmt":"2025-04-02T19:43:43","guid":{"rendered":"https:\/\/www.adstigre.com\/colombia\/?page_id=9784"},"modified":"2025-04-16T16:43:16","modified_gmt":"2025-04-16T19:43:16","slug":"unifam","status":"publish","type":"page","link":"http:\/\/www.adstigre.com\/colombia\/producto\/unifam\/","title":{"rendered":"UNIFAM"},"content":{"rendered":"\n\n\t\t\t\t<img decoding=\"async\" src=\"http:\/\/www.adstigre.com\/colombia\/wp-content\/uploads\/sites\/28\/2025\/04\/Unifam_hor_site.png\" alt=\"Unifam_hor_site\" itemprop=\"image\" title=\"Unifam_hor_site\" onerror=\"this.style.display='none'\"  \/>\n\t\t\tFunci\u00f3n\n\t\t\t\t\t\t\t\t\t\t\t\n\t\t\t<p>Tratamiento descentralizado de aguas residuales sanitarias para aplicaciones donde no existe una red de recolecci\u00f3n y tratamiento de aguas residuales.<\/p><br \/>\t\t\n\t\t\tAplicaciones\n\t\t\t\t\t\t\t\t\t\t\t\n\t\t\t<p>La Planta de Tratamiento UNIFAM se aplica en regiones rurales urbanas donde no existe un sistema de recolecci\u00f3n y tratamiento de aguas residuales , debido a la inviabilidad t\u00e9cnica o econ\u00f3mica de instalar redes de recolecci\u00f3n y grandes plantas de tratamiento.<\/p><br \/>\t\t\n\t\t\tSistema de tratamiento\n\t\t\t\t\t\t\t\t\t\t\t\n\t\t\t<p>Tratamiento biol\u00f3gico aer\u00f3bico, de biomasa inmovilizada, con tecnolog\u00eda exclusiva e innovadora, que garantiza la calidad de las aguas residuales sanitarias tratadas, con alta eficiencia de remoci\u00f3n de esteras org\u00e1nicas y nutrientes, sin generaci\u00f3n de lodos excedentes.<\/p>\t\t\n\t\t\t\t<img decoding=\"async\" src=\"http:\/\/www.adstigre.com\/colombia\/wp-content\/uploads\/sites\/28\/2025\/04\/unifam-1-768x768-1.png\" alt=\"unifam-1-768x768\" title=\"unifam-1-768x768\" itemprop=\"image\"  \/>\n\t\t\t\t<img decoding=\"async\" src=\"http:\/\/www.adstigre.com\/colombia\/wp-content\/uploads\/sites\/28\/2025\/04\/unifam-2-768x584-1.png\" alt=\"unifam-2-768x584\" title=\"unifam-2-768x584\" itemprop=\"image\"  \/>\n\t\t\t\t<img decoding=\"async\" src=\"http:\/\/www.adstigre.com\/colombia\/wp-content\/uploads\/sites\/28\/2025\/04\/unifam-3-768x578-1.png\" alt=\"unifam-3-768x578\" title=\"unifam-3-768x578\" itemprop=\"image\"  \/>\n\t\t\tOperaci\u00f3n\n\t\t\t\t\t\t\t\t\t\t\t\n\t\t\t<p>Inicialmente, las aguas residuales crudas pasan por una etapa de rastra manual (cesta de limpieza) para retener los s\u00f3lidos gruesos, luego ingresan a la c\u00e1mara de aireaci\u00f3n, donde las bacterias aer\u00f3bicas facultativas, inmovilizadas en soportes fijos (biomedia) que tienen zonas aer\u00f3bicas y zonas an\u00f3xicas, descomponen la materia org\u00e1nica y reducen la concentraci\u00f3n de nitr\u00f3geno y f\u00f3sforo. Para suministrar el aire necesario para la demanda biol\u00f3gica, se utiliza un soplador y un sistema de difusi\u00f3n de burbujas gruesas. La biomasa est\u00e1 mayoritariamente inmovilizada en los soportes, por lo que la concentraci\u00f3n de s\u00f3lidos en suspensi\u00f3n es muy baja en las aguas residuales tratadas que salen de la c\u00e1mara de aireaci\u00f3n, que finalmente tendr\u00e1n las caracter\u00edsticas adecuadas para ser eliminadas en el ambiente.<\/p>\t\t\n\t\t\tCaracter\u00edsticas t\u00e9cnicas\n\t\t\t\t\t\t\t\t\t\t\t\n\t\t\t<ul><li><strong>Peso total aproximado:<\/strong> 113Kg;<\/li><li><strong>Componentes principales:<\/strong><ul><li>Cuerpo del reactor;<\/li><li>Tapas de entrada y salida de alcantarillado;<\/li><li>Cesta de limpieza;<\/li><li>Tubos de entrada y Salida;<\/li><li>Juntas t\u00f3ricas;<\/li><li>Biomedia;<\/li><li>Panel de control;<\/li><li>Retenedor de biomedios<\/li><\/ul><\/li><\/ul>\t\t\n\t\t\tBeneficios\n\t\t\t\t\t\t\t\t\t\t\t\n\t\t\t<ul>\n<li><strong>Soluci\u00f3n perfecta para lugares que no cuentan con una red de recolecci\u00f3n de aguas residuales sanitarias:<\/strong><br \/>\nPermite aumentar la cobertura de aguas residuales sin grandes inversiones en infraestructuras de recolecci\u00f3n y tratamiento.<\/li>\n<li><strong>Alto desempe\u00f1o ambiental:<\/strong><br \/>\nTratamiento aer\u00f3bico de biomasa inmovilizada, tecnolog\u00eda exclusiva e innovadora que garantiza la calidad del efluente tratado con alta eficiencia en la remoci\u00f3n de materia org\u00e1nica y nutrientes.<\/li>\n<li><strong>Medio ambiente:<\/strong><br \/>\nNo contamina el suelo, la capa fre\u00e1tica ni los arroyos y r\u00edos.<\/li>\n<li><strong>Instalaci\u00f3n simplificada:<\/strong><br \/>\nUn solo equipo con todas las etapas de tratamiento.<\/li>\n<li><strong>Accesibilidad:<\/strong><br \/>\nOcupa un \u00e1rea reducida, lo que permite llevar el tratamiento de aguas residuales a lugares que no tienen acceso a la red.<br \/>\n<strong>Residuos:<\/strong><br \/>\nSoluci\u00f3n compacta para el tratamiento aer\u00f3bico de aguas residuales sanitarias, sin lodos excedentes.<\/li>\n<li><strong>Olor:<\/strong><br \/>\nEl Sistema Unifam no genera olor.<\/li>\n<li><strong>Bajo:<\/strong><br \/>\nMantenimiento: vaciado peri\u00f3dico de la cesta de limpieza y del filtro del soplador.<\/li>\n<li><strong>Operaci\u00f3n:<\/strong><br \/>\nFacilitada al contener todos los pasos del tratamiento en un solo equipo.<\/li>\n<li><strong>Consumo de energ\u00eda:<\/strong><br \/>\nBajo consumo de energ\u00eda.<\/li>\n<\/ul>\n\t\t\tInformaci\u00f3n t\u00e9cnica\n\t\t\t\t\t\t\t\t\t\t\t\n\t\t\t<ul><li><strong>Cuerpo del reactor<\/strong><br \/>Cuerpo fabricado en polietileno reciclado de baja densidad de Color Gris con Capacidad de 800l\/d\u00eda, puede servir a una o varias familias si se combinan dentro de la capacidad presentada.<\/li><li><strong>Tapas de entrada y salida<\/strong><br \/>Fabricado en polietileno reciclado de baja densidad de Color Gris<\/li><li><strong>Soplador<\/strong><br \/>Soplador de tipo diafragma, con un caudal de hasta 120 l\/min Voltaje de entrada: 220-240V Frecuencia: 60Hz \/ Potencia nominal: 65W \/ Sistema de difusi\u00f3n de burbujas gruesas<\/li><li><strong>Cesta de limpieza<\/strong><br \/>fabricada en Polipropileno, de Color Negro<\/li><li><strong>Tuber\u00edas de entrada\/salida<\/strong><br \/>Fabricado en PVC en galga DN 100\/DE 101.6, de Color Blanco<\/li><li><strong>Anillo de sellado<\/strong><ul><li>Sellado del tubo de entrada\/salida con el cuerpo UNIFAM de caucho de nitrilo.<\/li><li>Sellado de las cavidades de los tubos de entrada\/salida en caucho de estireno butadieno de Color Negro<\/li><\/ul><\/li><li><strong>Biomedios Soporte<\/strong><br \/>Fabricado en polipropileno (PP) Interior del stand: Espuma de poliuretano (PU)<\/li><li><strong>Panel de control Voltaje de entrada<\/strong><br \/>110 V o 220 V 3 opciones de funcionamiento: normal, fiesta y vacaciones Aviso ac\u00fastico en caso de fallo del soplador<\/li><li><strong>Retenedor de biomedios<\/strong><br \/>Fabricado en polietileno Color: gris<\/li><\/ul>\t\t\n\t\t\t\t<img decoding=\"async\" src=\"http:\/\/www.adstigre.com\/colombia\/wp-content\/uploads\/sites\/28\/2025\/04\/unifam-4.png\" alt=\"unifam-4\" title=\"unifam-4\" itemprop=\"image\"  \/>\n\n","protected":false},"excerpt":{"rendered":"<p>Funci\u00f3n Tratamiento descentralizado de aguas residuales sanitarias para aplicaciones donde [&hellip;]<\/p>\n","protected":false},"author":3,"featured_media":0,"parent":2323,"menu_order":0,"comment_status":"closed","ping_status":"closed","template":"","meta":{"_monsterinsights_skip_tracking":false,"_monsterinsights_sitenote_active":false,"_monsterinsights_sitenote_note":"","_monsterinsights_sitenote_category":0,"site-sidebar-layout":"default","site-content-layout":"","ast-site-content-layout":"default","site-content-style":"default","site-sidebar-style":"default","ast-global-header-display":"","ast-banner-title-visibility":"","ast-main-header-display":"","ast-hfb-above-header-display":"","ast-hfb-below-header-display":"","ast-hfb-mobile-header-display":"","site-post-title":"disabled","ast-breadcrumbs-content":"","ast-featured-img":"","footer-sml-layout":"","ast-disable-related-posts":"","theme-transparent-header-meta":"","adv-header-id-meta":"","stick-header-meta":"","header-above-stick-meta":"","header-main-stick-meta":"","header-below-stick-meta":"","astra-migrate-meta-layouts":"set","ast-page-background-enabled":"default","ast-page-background-meta":{"desktop":{"background-color":"","background-image":"","background-repeat":"repeat","background-position":"center center","background-size":"auto","background-attachment":"scroll","background-type":"","background-media":"","overlay-type":"","overlay-color":"","overlay-opacity":"","overlay-gradient":""},"tablet":{"background-color":"","background-image":"","background-repeat":"repeat","background-position":"center center","background-size":"auto","background-attachment":"scroll","background-type":"","background-media":"","overlay-type":"","overlay-color":"","overlay-opacity":"","overlay-gradient":""},"mobile":{"background-color":"","background-image":"","background-repeat":"repeat","background-position":"center center","background-size":"auto","background-attachment":"scroll","background-type":"","background-media":"","overlay-type":"","overlay-color":"","overlay-opacity":"","overlay-gradient":""}},"ast-content-background-meta":{"desktop":{"background-color":"var(--ast-global-color-5)","background-image":"","background-repeat":"repeat","background-position":"center center","background-size":"auto","background-attachment":"scroll","background-type":"","background-media":"","overlay-type":"","overlay-color":"","overlay-opacity":"","overlay-gradient":""},"tablet":{"background-color":"var(--ast-global-color-5)","background-image":"","background-repeat":"repeat","background-position":"center center","background-size":"auto","background-attachment":"scroll","background-type":"","background-media":"","overlay-type":"","overlay-color":"","overlay-opacity":"","overlay-gradient":""},"mobile":{"background-color":"var(--ast-global-color-5)","background-image":"","background-repeat":"repeat","background-position":"center center","background-size":"auto","background-attachment":"scroll","background-type":"","background-media":"","overlay-type":"","overlay-color":"","overlay-opacity":"","overlay-gradient":""}},"footnotes":""},"categories":[],"tags":[],"class_list":["post-9784","page","type-page","status-publish","hentry"],"yoast_head":"<!-- This site is optimized with the Yoast SEO plugin v27.4 - https:\/\/yoast.com\/product\/yoast-seo-wordpress\/ -->\n<title>UNIFAM - ADS Tigre Col\u00f4mbia<\/title>\n<meta name=\"robots\" content=\"index, follow, max-snippet:-1, max-image-preview:large, max-video-preview:-1\" \/>\n<link rel=\"canonical\" href=\"http:\/\/www.adstigre.com\/colombia\/producto\/unifam\/\" \/>\n<meta property=\"og:locale\" content=\"en_US\" \/>\n<meta property=\"og:type\" content=\"article\" \/>\n<meta property=\"og:title\" content=\"UNIFAM - ADS Tigre Col\u00f4mbia\" \/>\n<meta property=\"og:description\" content=\"Funci\u00f3n Tratamiento descentralizado de aguas residuales sanitarias para aplicaciones donde [&hellip;]\" \/>\n<meta property=\"og:url\" content=\"http:\/\/www.adstigre.com\/colombia\/producto\/unifam\/\" \/>\n<meta property=\"og:site_name\" content=\"ADS Tigre Col\u00f4mbia\" \/>\n<meta property=\"article:modified_time\" content=\"2025-04-16T19:43:16+00:00\" \/>\n<meta property=\"og:image\" content=\"http:\/\/www.adstigre.com\/colombia\/wp-content\/uploads\/sites\/28\/2025\/04\/Unifam_hor_site.png\" \/>\n<meta name=\"twitter:card\" content=\"summary_large_image\" \/>\n<meta name=\"twitter:label1\" content=\"Est. reading time\" \/>\n\t<meta name=\"twitter:data1\" content=\"3 minutes\" \/>\n<script type=\"application\/ld+json\" class=\"yoast-schema-graph\">{\"@context\":\"https:\\\/\\\/schema.org\",\"@graph\":[{\"@type\":\"WebPage\",\"@id\":\"http:\\\/\\\/www.adstigre.com\\\/colombia\\\/producto\\\/unifam\\\/\",\"url\":\"http:\\\/\\\/www.adstigre.com\\\/colombia\\\/producto\\\/unifam\\\/\",\"name\":\"UNIFAM - ADS Tigre Col\u00f4mbia\",\"isPartOf\":{\"@id\":\"https:\\\/\\\/www.adstigre.com\\\/colombia\\\/#website\"},\"primaryImageOfPage\":{\"@id\":\"http:\\\/\\\/www.adstigre.com\\\/colombia\\\/producto\\\/unifam\\\/#primaryimage\"},\"image\":{\"@id\":\"http:\\\/\\\/www.adstigre.com\\\/colombia\\\/producto\\\/unifam\\\/#primaryimage\"},\"thumbnailUrl\":\"http:\\\/\\\/www.adstigre.com\\\/colombia\\\/wp-content\\\/uploads\\\/sites\\\/28\\\/2025\\\/04\\\/Unifam_hor_site.png\",\"datePublished\":\"2025-04-02T19:43:43+00:00\",\"dateModified\":\"2025-04-16T19:43:16+00:00\",\"breadcrumb\":{\"@id\":\"http:\\\/\\\/www.adstigre.com\\\/colombia\\\/producto\\\/unifam\\\/#breadcrumb\"},\"inLanguage\":\"en-US\",\"potentialAction\":[{\"@type\":\"ReadAction\",\"target\":[\"http:\\\/\\\/www.adstigre.com\\\/colombia\\\/producto\\\/unifam\\\/\"]}]},{\"@type\":\"ImageObject\",\"inLanguage\":\"en-US\",\"@id\":\"http:\\\/\\\/www.adstigre.com\\\/colombia\\\/producto\\\/unifam\\\/#primaryimage\",\"url\":\"http:\\\/\\\/www.adstigre.com\\\/colombia\\\/wp-content\\\/uploads\\\/sites\\\/28\\\/2025\\\/04\\\/Unifam_hor_site.png\",\"contentUrl\":\"http:\\\/\\\/www.adstigre.com\\\/colombia\\\/wp-content\\\/uploads\\\/sites\\\/28\\\/2025\\\/04\\\/Unifam_hor_site.png\",\"width\":1903,\"height\":594},{\"@type\":\"BreadcrumbList\",\"@id\":\"http:\\\/\\\/www.adstigre.com\\\/colombia\\\/producto\\\/unifam\\\/#breadcrumb\",\"itemListElement\":[{\"@type\":\"ListItem\",\"position\":1,\"name\":\"In\u00edcio\",\"item\":\"https:\\\/\\\/www.adstigre.com\\\/colombia\\\/\"},{\"@type\":\"ListItem\",\"position\":2,\"name\":\"Producto\",\"item\":\"https:\\\/\\\/www.adstigre.com\\\/colombia\\\/producto\\\/\"},{\"@type\":\"ListItem\",\"position\":3,\"name\":\"UNIFAM\"}]},{\"@type\":\"WebSite\",\"@id\":\"https:\\\/\\\/www.adstigre.com\\\/colombia\\\/#website\",\"url\":\"https:\\\/\\\/www.adstigre.com\\\/colombia\\\/\",\"name\":\"ADS Tigre Col\u00f4mbia\",\"description\":\"Um site do grupo tigre\",\"potentialAction\":[{\"@type\":\"SearchAction\",\"target\":{\"@type\":\"EntryPoint\",\"urlTemplate\":\"https:\\\/\\\/www.adstigre.com\\\/colombia\\\/?s={search_term_string}\"},\"query-input\":{\"@type\":\"PropertyValueSpecification\",\"valueRequired\":true,\"valueName\":\"search_term_string\"}}],\"inLanguage\":\"en-US\"}]}<\/script>\n<!-- \/ Yoast SEO plugin. -->","yoast_head_json":{"title":"UNIFAM - ADS Tigre Col\u00f4mbia","robots":{"index":"index","follow":"follow","max-snippet":"max-snippet:-1","max-image-preview":"max-image-preview:large","max-video-preview":"max-video-preview:-1"},"canonical":"http:\/\/www.adstigre.com\/colombia\/producto\/unifam\/","og_locale":"en_US","og_type":"article","og_title":"UNIFAM - ADS Tigre Col\u00f4mbia","og_description":"Funci\u00f3n Tratamiento descentralizado de aguas residuales sanitarias para aplicaciones donde [&hellip;]","og_url":"http:\/\/www.adstigre.com\/colombia\/producto\/unifam\/","og_site_name":"ADS Tigre Col\u00f4mbia","article_modified_time":"2025-04-16T19:43:16+00:00","og_image":[{"url":"http:\/\/www.adstigre.com\/colombia\/wp-content\/uploads\/sites\/28\/2025\/04\/Unifam_hor_site.png","type":"","width":"","height":""}],"twitter_card":"summary_large_image","twitter_misc":{"Est. reading time":"3 minutes"},"schema":{"@context":"https:\/\/schema.org","@graph":[{"@type":"WebPage","@id":"http:\/\/www.adstigre.com\/colombia\/producto\/unifam\/","url":"http:\/\/www.adstigre.com\/colombia\/producto\/unifam\/","name":"UNIFAM - ADS Tigre Col\u00f4mbia","isPartOf":{"@id":"https:\/\/www.adstigre.com\/colombia\/#website"},"primaryImageOfPage":{"@id":"http:\/\/www.adstigre.com\/colombia\/producto\/unifam\/#primaryimage"},"image":{"@id":"http:\/\/www.adstigre.com\/colombia\/producto\/unifam\/#primaryimage"},"thumbnailUrl":"http:\/\/www.adstigre.com\/colombia\/wp-content\/uploads\/sites\/28\/2025\/04\/Unifam_hor_site.png","datePublished":"2025-04-02T19:43:43+00:00","dateModified":"2025-04-16T19:43:16+00:00","breadcrumb":{"@id":"http:\/\/www.adstigre.com\/colombia\/producto\/unifam\/#breadcrumb"},"inLanguage":"en-US","potentialAction":[{"@type":"ReadAction","target":["http:\/\/www.adstigre.com\/colombia\/producto\/unifam\/"]}]},{"@type":"ImageObject","inLanguage":"en-US","@id":"http:\/\/www.adstigre.com\/colombia\/producto\/unifam\/#primaryimage","url":"http:\/\/www.adstigre.com\/colombia\/wp-content\/uploads\/sites\/28\/2025\/04\/Unifam_hor_site.png","contentUrl":"http:\/\/www.adstigre.com\/colombia\/wp-content\/uploads\/sites\/28\/2025\/04\/Unifam_hor_site.png","width":1903,"height":594},{"@type":"BreadcrumbList","@id":"http:\/\/www.adstigre.com\/colombia\/producto\/unifam\/#breadcrumb","itemListElement":[{"@type":"ListItem","position":1,"name":"In\u00edcio","item":"https:\/\/www.adstigre.com\/colombia\/"},{"@type":"ListItem","position":2,"name":"Producto","item":"https:\/\/www.adstigre.com\/colombia\/producto\/"},{"@type":"ListItem","position":3,"name":"UNIFAM"}]},{"@type":"WebSite","@id":"https:\/\/www.adstigre.com\/colombia\/#website","url":"https:\/\/www.adstigre.com\/colombia\/","name":"ADS Tigre Col\u00f4mbia","description":"Um site do grupo tigre","potentialAction":[{"@type":"SearchAction","target":{"@type":"EntryPoint","urlTemplate":"https:\/\/www.adstigre.com\/colombia\/?s={search_term_string}"},"query-input":{"@type":"PropertyValueSpecification","valueRequired":true,"valueName":"search_term_string"}}],"inLanguage":"en-US"}]}},"_links":{"self":[{"href":"http:\/\/www.adstigre.com\/colombia\/wp-json\/wp\/v2\/pages\/9784","targetHints":{"allow":["GET"]}}],"collection":[{"href":"http:\/\/www.adstigre.com\/colombia\/wp-json\/wp\/v2\/pages"}],"about":[{"href":"http:\/\/www.adstigre.com\/colombia\/wp-json\/wp\/v2\/types\/page"}],"author":[{"embeddable":true,"href":"http:\/\/www.adstigre.com\/colombia\/wp-json\/wp\/v2\/users\/3"}],"replies":[{"embeddable":true,"href":"http:\/\/www.adstigre.com\/colombia\/wp-json\/wp\/v2\/comments?post=9784"}],"version-history":[{"count":6,"href":"http:\/\/www.adstigre.com\/colombia\/wp-json\/wp\/v2\/pages\/9784\/revisions"}],"predecessor-version":[{"id":9831,"href":"http:\/\/www.adstigre.com\/colombia\/wp-json\/wp\/v2\/pages\/9784\/revisions\/9831"}],"up":[{"embeddable":true,"href":"http:\/\/www.adstigre.com\/colombia\/wp-json\/wp\/v2\/pages\/2323"}],"wp:attachment":[{"href":"http:\/\/www.adstigre.com\/colombia\/wp-json\/wp\/v2\/media?parent=9784"}],"wp:term":[{"taxonomy":"category","embeddable":true,"href":"http:\/\/www.adstigre.com\/colombia\/wp-json\/wp\/v2\/categories?post=9784"},{"taxonomy":"post_tag","embeddable":true,"href":"http:\/\/www.adstigre.com\/colombia\/wp-json\/wp\/v2\/tags?post=9784"}],"curies":[{"name":"wp","href":"https:\/\/api.w.org\/{rel}","templated":true}]}}