{"id":3147,"date":"2020-07-27T15:43:25","date_gmt":"2020-07-27T18:43:25","guid":{"rendered":"https:\/\/www.tigre-ads.com\/argentina\/producto\/stormtech\/"},"modified":"2025-03-26T17:02:42","modified_gmt":"2025-03-26T20:02:42","slug":"stormtech","status":"publish","type":"page","link":"http:\/\/www.adstigre.com\/argentina\/producto\/stormtech\/","title":{"rendered":"Stormtech"},"content":{"rendered":"\n\n\t\t\t\t<img decoding=\"async\" src=\"http:\/\/www.adstigre.com\/argentina\/wp-content\/uploads\/sites\/27\/2025\/03\/storm3.png\" alt=\"storm3\" itemprop=\"image\" title=\"storm3\" onerror=\"this.style.display='none'\"  \/>\n\t\t\tSobre el producto\n\t\t\n\t\t\t<p>Las c\u00e1maras StormTech<sup>\u00ae<\/sup>\u00a0son parte escencial de un sistema para la\u00a0acumulaci\u00f3n de agua bajo una superficie. Este producto es fabricado 100% de polipropileno (PP)\u00a0virgen y seg\u00fan lo establecido en las normas\u00a0vigentes\u00a0de\u00a0<strong>AASHTO M43, ASTM F2787\u00a0y NCh 3352<\/strong>.<\/p><br \/>\t\t\n\t\t\t\u00bfPor qu\u00e9 utilizar las c\u00e1maras StormTech\u00ae?\n\t\t\n\t\t\t<p>Las c\u00e1maras aportan un nuevo nivel de practicidad y eficiancia a las instalaciones subterr\u00e1neas de aguas pluviales,\u00a0proporcionando una soluci\u00f3n mucho m\u00e1s econ\u00f3mica para la gesti\u00f3n pluvial, dado que sus\u00a0requerimientos de instalaci\u00f3n son muy comunes. Adem\u00e1s el sistema de c\u00e1maras StormTech<sup>\u00ae<\/sup>\u00a0entrega\u00a0a los colectores de aguas pluviales sin contaminaci\u00f3n de s\u00f3lidos, dado que el sistema puede contar con\u00a0una hilera aisladora de basura.<br \/>Las c\u00e1maras StormTech<sup>\u00ae<\/sup>\u00a0se almacenan y apilan cuidadosamente para un transporte y almacenamiento eficiente, no necesitando espacio extra para este tipo de maniobras.<br \/>Una ventaja a considerar de StormTech<sup>\u00ae<\/sup>\u00a0es que no se necesita maquinara pesada para su instalaci\u00f3n y mucho menos la construcci\u00f3n de zanjas profundas para instalar un sistema de drenaje, reduciendo ampliamente los tiempos de ejecucci\u00f3n en obra y disminuyendo los\u00a0costos al\u00a0finalizar su implementaci\u00f3n.<br \/>StormTech<sup>\u00ae<\/sup>\u00a0ha\u00a0sido completamente probado\u00a0en terreno y evaluado\u00a0por expertos de alto nivel en los Estados Unidos\u00a0y el mundo,\u00a0encontrando que cumple\u00a0o supera\u00a0satisfactoriamente los requerimientos establecidos por la norma\u00a0AASHTO para estructuras termopl\u00e1sticas enterradas, obteniendo un\u00a0gran desempe\u00f1o en\u00a0d\u00edas de verano o en invierno.<\/p><br \/>\t\t\n\t\t\t\u00bfQu\u00e9 diferencia tiene este tipo de sistema (c\u00e1maras)\u00a0a los sistemas desarrollados con tuber\u00edas de acero o que neceisten termofusion o electrofusion?\n\t\t\n\t\t\t<p>Stormtech<sup>\u00ae<\/sup>\u00a0proporciona una ingenier\u00eda de valor insuperable a\u00a0cualquier otro sistema de detenci\u00f3n subterr\u00e1nea, especialmente a las tuber\u00edas de metal corrugado (CMP) de 1500 a 1800 mm.\u00a0Los ahorros de costos y las mayores expectativas de vida no\u00a0son los\u00a0\u00fanicos beneficios al implementar sistemas de c\u00e1maras StormTech<sup>\u00ae<\/sup>. El sistemas de c\u00e1maras se ensamblan manualmente obteniendo un beneficio de velocidad de instalaci\u00f3n\u00a0entre un 30% y 50%. Ejemplo: Un sistema c\u00e1maras StormTech<sup>\u00ae<\/sup> modelo SC-740 con 300 unidades, son instaladas en menos de 2 d\u00edas. \u00a1Eso equivale a la instalaci\u00f3n diaria de 380 metros de tuber\u00eda de 1500 mm de di\u00e1metro de ADSTigre!<\/p>\t\t\n\t\t\t\t<img decoding=\"async\" src=\"http:\/\/www.adstigre.com\/argentina\/wp-content\/uploads\/sites\/27\/2025\/03\/Rectangle-41a.png\" alt=\"Rectangle-41a\" title=\"Rectangle-41a\" itemprop=\"image\"  \/>\n\t\t\tBeneficios\n\t\t\n\t\t\t<ul><li><strong>Instalaci\u00f3n:\u00a0<\/strong>Las c\u00e1maras StormTech<sup>\u00a9<\/sup> requieren un \u00e1rea excavada, piedra triturada, tuber\u00edas ADSTigre para sus conexiones (manifold), tela filtrante como geotextil tejido y\/o geomembranas de politileno de alta densidad, seg\u00fan la necesidad del sistema a instalar. El sistema puede tener (opcional) un puerto de inspecci\u00f3n en la o las c\u00e1mara que se encuentren envueltas por un geotextil. Este puerto facilita la penetraci\u00f3n de una varilla desde la superficie con el objetivo de monitorear la cantidad de basura que se encuentra acumulada (c\u00e1mara utiliza para la limpieza del agua pluvial).<\/li><li><strong>Ambiental:<\/strong>\u00a0Las c\u00e1maras cuyo sistema sea infiltrar las aguas pluviales,\u00a0ayudan a recargar los recursos de hidr\u00edcos del agua subterr\u00e1nea como las\u00a0napas, replicando\u00a0el propio proceso de infiltraci\u00f3n del suelo, el que ha sido afectodo por la impermeabilizaci\u00f3n de\u00a0los suelos (suelos hormigonados) en las grandes\u00a0ciudades.<\/li><li><strong>La seguridad:<\/strong>\u00a0Debido a que las c\u00e1maras son subterr\u00e1neas, se eliminan las zanjas expuestas a la comunidad, desminuyendo el riesgo\u00a0potencial de posibles accidentes. Estas zanjas tambi\u00e9n pueden ser utilizadas como un sistema de\u00a0desag\u00fce poco\u00a0convencional para\u00a0la acumulaci\u00f3n como lagunas en recintos privados. Adem\u00e1s el sistema \u00a0de acumulaci\u00f3n y\/o drenaje,\u00a0impide que la llegada de insectos y mosquitos en dichas lagunas de estancamiento pluvial.<\/li><li><strong>Versatilidad:<\/strong>\u00a0Las c\u00e1maras StormTech<sup>\u00ae<\/sup> son ideales para almacenar aguas residenciales en; Entradas para veh\u00edculos, canchas de tenis o campos deportivos, parques p\u00fablicos o privados, aeropuertos, estacionamientos en centros comerciales, \u00e1reas verdes, condominios y\/o edificios residenciales.<\/li><li><strong>StormTech<sup>\u00ae<\/sup>\u00a0se destac\u00e1 por su:\u00a0<\/strong>Bajo Peso,\u00a0Flexibilidad Modular,\u00a0Gran Capacidad de Almacenamiento en bodegas, Capacidad de almacenamiento en sus despachos,\u00a0Rapidez en la instalaci\u00f3n, Gran\u00a0Resistencia Estructural,\u00a0Posibilidad de registro y mantenci\u00f3n, Durabilidad del sistema por a\u00f1os el que no necesita ser desintalado para hacer su mantenci\u00f3n.<\/li><\/ul>\t\t\n\t\t\t\t<a href=\"https:\/\/designtool.ads-pipe.com\/\"  target=\"_blank\" rel=\"noopener\"  itemprop=\"url\">\n\t\t\t\t<img loading=\"lazy\" decoding=\"async\" src=\"https:\/\/www.adstigre.com\/argentina\/wp-content\/uploads\/sites\/27\/2025\/03\/ferramenta_stormtech.jpg\" alt=\"ferramenta_stormtech\" itemprop=\"image\" height=\"304\" width=\"1920\" title=\"ferramenta_stormtech\" onerror=\"this.style.display='none'\"  \/>\n\t\t\t\t<\/a>\n\t\t\tInformaciones t\u00e9cnicas\n\t\t\n\t\t\t\t<a href=\"https:\/\/designtool.ads-pipe.com\/\"  target=\"_self\" itemprop=\"url\">\n\t\t\t\t<img decoding=\"async\" src=\"http:\/\/www.adstigre.com\/argentina\/wp-content\/uploads\/sites\/27\/2025\/03\/Tabela_Stormtech.png\" alt=\"Tabela_Stormtech\" itemprop=\"image\" title=\"Tabela_Stormtech\" onerror=\"this.style.display='none'\"  \/>\n\t\t\t\t<\/a>\n\n","protected":false},"excerpt":{"rendered":"<p>Sobre el producto Las c\u00e1maras StormTech\u00ae\u00a0son parte escencial de un [&hellip;]<\/p>\n","protected":false},"author":3,"featured_media":2233,"parent":2323,"menu_order":0,"comment_status":"closed","ping_status":"closed","template":"","meta":{"_monsterinsights_skip_tracking":false,"_monsterinsights_sitenote_active":false,"_monsterinsights_sitenote_note":"","_monsterinsights_sitenote_category":0,"site-sidebar-layout":"default","site-content-layout":"default","ast-site-content-layout":"default","site-content-style":"default","site-sidebar-style":"default","ast-global-header-display":"","ast-banner-title-visibility":"","ast-main-header-display":"disabled","ast-hfb-above-header-display":"","ast-hfb-below-header-display":"","ast-hfb-mobile-header-display":"","site-post-title":"disabled","ast-breadcrumbs-content":"disabled","ast-featured-img":"disabled","footer-sml-layout":"disabled","ast-disable-related-posts":"","theme-transparent-header-meta":"default","adv-header-id-meta":"","stick-header-meta":"default","header-above-stick-meta":"","header-main-stick-meta":"","header-below-stick-meta":"","astra-migrate-meta-layouts":"set","ast-page-background-enabled":"default","ast-page-background-meta":{"desktop":{"background-color":"","background-image":"","background-repeat":"repeat","background-position":"center center","background-size":"auto","background-attachment":"scroll","background-type":"","background-media":"","overlay-type":"","overlay-color":"","overlay-opacity":"","overlay-gradient":""},"tablet":{"background-color":"","background-image":"","background-repeat":"repeat","background-position":"center center","background-size":"auto","background-attachment":"scroll","background-type":"","background-media":"","overlay-type":"","overlay-color":"","overlay-opacity":"","overlay-gradient":""},"mobile":{"background-color":"","background-image":"","background-repeat":"repeat","background-position":"center center","background-size":"auto","background-attachment":"scroll","background-type":"","background-media":"","overlay-type":"","overlay-color":"","overlay-opacity":"","overlay-gradient":""}},"ast-content-background-meta":{"desktop":{"background-color":"var(--ast-global-color-5)","background-image":"","background-repeat":"repeat","background-position":"center center","background-size":"auto","background-attachment":"scroll","background-type":"","background-media":"","overlay-type":"","overlay-color":"","overlay-opacity":"","overlay-gradient":""},"tablet":{"background-color":"var(--ast-global-color-5)","background-image":"","background-repeat":"repeat","background-position":"center center","background-size":"auto","background-attachment":"scroll","background-type":"","background-media":"","overlay-type":"","overlay-color":"","overlay-opacity":"","overlay-gradient":""},"mobile":{"background-color":"var(--ast-global-color-5)","background-image":"","background-repeat":"repeat","background-position":"center center","background-size":"auto","background-attachment":"scroll","background-type":"","background-media":"","overlay-type":"","overlay-color":"","overlay-opacity":"","overlay-gradient":""}},"footnotes":""},"categories":[],"tags":[],"class_list":["post-3147","page","type-page","status-publish","has-post-thumbnail","hentry"],"yoast_head":"<!-- This site is optimized with the Yoast SEO plugin v27.4 - https:\/\/yoast.com\/product\/yoast-seo-wordpress\/ -->\n<title>Stormtech - ADS Tigre Argentina<\/title>\n<meta name=\"robots\" content=\"index, follow, max-snippet:-1, max-image-preview:large, max-video-preview:-1\" \/>\n<link rel=\"canonical\" href=\"https:\/\/www.adstigre.com\/argentina\/producto\/stormtech\/\" \/>\n<meta property=\"og:locale\" content=\"en_US\" \/>\n<meta property=\"og:type\" content=\"article\" \/>\n<meta property=\"og:title\" content=\"Stormtech - ADS Tigre Argentina\" \/>\n<meta property=\"og:description\" content=\"Sobre el producto Las c\u00e1maras StormTech\u00ae\u00a0son parte escencial de un [&hellip;]\" \/>\n<meta property=\"og:url\" content=\"https:\/\/www.adstigre.com\/argentina\/producto\/stormtech\/\" \/>\n<meta property=\"og:site_name\" content=\"ADS Tigre Argentina\" \/>\n<meta property=\"article:modified_time\" content=\"2025-03-26T20:02:42+00:00\" \/>\n<meta property=\"og:image\" content=\"https:\/\/www.adstigre.com\/argentina\/wp-content\/uploads\/sites\/27\/2020\/03\/home-produtos-stormtech.png\" \/>\n\t<meta property=\"og:image:width\" content=\"594\" \/>\n\t<meta property=\"og:image:height\" content=\"318\" \/>\n\t<meta property=\"og:image:type\" content=\"image\/png\" \/>\n<meta name=\"twitter:card\" content=\"summary_large_image\" \/>\n<meta name=\"twitter:label1\" content=\"Est. reading time\" \/>\n\t<meta name=\"twitter:data1\" content=\"4 minutes\" \/>\n<script type=\"application\/ld+json\" class=\"yoast-schema-graph\">{\"@context\":\"https:\\\/\\\/schema.org\",\"@graph\":[{\"@type\":\"WebPage\",\"@id\":\"https:\\\/\\\/www.adstigre.com\\\/argentina\\\/producto\\\/stormtech\\\/\",\"url\":\"https:\\\/\\\/www.adstigre.com\\\/argentina\\\/producto\\\/stormtech\\\/\",\"name\":\"Stormtech - ADS Tigre Argentina\",\"isPartOf\":{\"@id\":\"https:\\\/\\\/www.adstigre.com\\\/argentina\\\/#website\"},\"primaryImageOfPage\":{\"@id\":\"https:\\\/\\\/www.adstigre.com\\\/argentina\\\/producto\\\/stormtech\\\/#primaryimage\"},\"image\":{\"@id\":\"https:\\\/\\\/www.adstigre.com\\\/argentina\\\/producto\\\/stormtech\\\/#primaryimage\"},\"thumbnailUrl\":\"http:\\\/\\\/www.adstigre.com\\\/argentina\\\/wp-content\\\/uploads\\\/sites\\\/27\\\/2020\\\/03\\\/home-produtos-stormtech.png\",\"datePublished\":\"2020-07-27T18:43:25+00:00\",\"dateModified\":\"2025-03-26T20:02:42+00:00\",\"breadcrumb\":{\"@id\":\"https:\\\/\\\/www.adstigre.com\\\/argentina\\\/producto\\\/stormtech\\\/#breadcrumb\"},\"inLanguage\":\"en-US\",\"potentialAction\":[{\"@type\":\"ReadAction\",\"target\":[\"https:\\\/\\\/www.adstigre.com\\\/argentina\\\/producto\\\/stormtech\\\/\"]}]},{\"@type\":\"ImageObject\",\"inLanguage\":\"en-US\",\"@id\":\"https:\\\/\\\/www.adstigre.com\\\/argentina\\\/producto\\\/stormtech\\\/#primaryimage\",\"url\":\"http:\\\/\\\/www.adstigre.com\\\/argentina\\\/wp-content\\\/uploads\\\/sites\\\/27\\\/2020\\\/03\\\/home-produtos-stormtech.png\",\"contentUrl\":\"http:\\\/\\\/www.adstigre.com\\\/argentina\\\/wp-content\\\/uploads\\\/sites\\\/27\\\/2020\\\/03\\\/home-produtos-stormtech.png\",\"width\":594,\"height\":318,\"caption\":\"STORMTECH\"},{\"@type\":\"BreadcrumbList\",\"@id\":\"https:\\\/\\\/www.adstigre.com\\\/argentina\\\/producto\\\/stormtech\\\/#breadcrumb\",\"itemListElement\":[{\"@type\":\"ListItem\",\"position\":1,\"name\":\"In\u00edcio\",\"item\":\"https:\\\/\\\/www.adstigre.com\\\/argentina\\\/\"},{\"@type\":\"ListItem\",\"position\":2,\"name\":\"Producto\",\"item\":\"https:\\\/\\\/www.adstigre.com\\\/argentina\\\/producto\\\/\"},{\"@type\":\"ListItem\",\"position\":3,\"name\":\"Stormtech\"}]},{\"@type\":\"WebSite\",\"@id\":\"https:\\\/\\\/www.adstigre.com\\\/argentina\\\/#website\",\"url\":\"https:\\\/\\\/www.adstigre.com\\\/argentina\\\/\",\"name\":\"ADS Tigre Argentina\",\"description\":\"Um site do grupo tigre\",\"potentialAction\":[{\"@type\":\"SearchAction\",\"target\":{\"@type\":\"EntryPoint\",\"urlTemplate\":\"https:\\\/\\\/www.adstigre.com\\\/argentina\\\/?s={search_term_string}\"},\"query-input\":{\"@type\":\"PropertyValueSpecification\",\"valueRequired\":true,\"valueName\":\"search_term_string\"}}],\"inLanguage\":\"en-US\"}]}<\/script>\n<!-- \/ Yoast SEO plugin. -->","yoast_head_json":{"title":"Stormtech - ADS Tigre Argentina","robots":{"index":"index","follow":"follow","max-snippet":"max-snippet:-1","max-image-preview":"max-image-preview:large","max-video-preview":"max-video-preview:-1"},"canonical":"https:\/\/www.adstigre.com\/argentina\/producto\/stormtech\/","og_locale":"en_US","og_type":"article","og_title":"Stormtech - ADS Tigre Argentina","og_description":"Sobre el producto Las c\u00e1maras StormTech\u00ae\u00a0son parte escencial de un [&hellip;]","og_url":"https:\/\/www.adstigre.com\/argentina\/producto\/stormtech\/","og_site_name":"ADS Tigre Argentina","article_modified_time":"2025-03-26T20:02:42+00:00","og_image":[{"width":594,"height":318,"url":"https:\/\/www.adstigre.com\/argentina\/wp-content\/uploads\/sites\/27\/2020\/03\/home-produtos-stormtech.png","type":"image\/png"}],"twitter_card":"summary_large_image","twitter_misc":{"Est. reading time":"4 minutes"},"schema":{"@context":"https:\/\/schema.org","@graph":[{"@type":"WebPage","@id":"https:\/\/www.adstigre.com\/argentina\/producto\/stormtech\/","url":"https:\/\/www.adstigre.com\/argentina\/producto\/stormtech\/","name":"Stormtech - ADS Tigre Argentina","isPartOf":{"@id":"https:\/\/www.adstigre.com\/argentina\/#website"},"primaryImageOfPage":{"@id":"https:\/\/www.adstigre.com\/argentina\/producto\/stormtech\/#primaryimage"},"image":{"@id":"https:\/\/www.adstigre.com\/argentina\/producto\/stormtech\/#primaryimage"},"thumbnailUrl":"http:\/\/www.adstigre.com\/argentina\/wp-content\/uploads\/sites\/27\/2020\/03\/home-produtos-stormtech.png","datePublished":"2020-07-27T18:43:25+00:00","dateModified":"2025-03-26T20:02:42+00:00","breadcrumb":{"@id":"https:\/\/www.adstigre.com\/argentina\/producto\/stormtech\/#breadcrumb"},"inLanguage":"en-US","potentialAction":[{"@type":"ReadAction","target":["https:\/\/www.adstigre.com\/argentina\/producto\/stormtech\/"]}]},{"@type":"ImageObject","inLanguage":"en-US","@id":"https:\/\/www.adstigre.com\/argentina\/producto\/stormtech\/#primaryimage","url":"http:\/\/www.adstigre.com\/argentina\/wp-content\/uploads\/sites\/27\/2020\/03\/home-produtos-stormtech.png","contentUrl":"http:\/\/www.adstigre.com\/argentina\/wp-content\/uploads\/sites\/27\/2020\/03\/home-produtos-stormtech.png","width":594,"height":318,"caption":"STORMTECH"},{"@type":"BreadcrumbList","@id":"https:\/\/www.adstigre.com\/argentina\/producto\/stormtech\/#breadcrumb","itemListElement":[{"@type":"ListItem","position":1,"name":"In\u00edcio","item":"https:\/\/www.adstigre.com\/argentina\/"},{"@type":"ListItem","position":2,"name":"Producto","item":"https:\/\/www.adstigre.com\/argentina\/producto\/"},{"@type":"ListItem","position":3,"name":"Stormtech"}]},{"@type":"WebSite","@id":"https:\/\/www.adstigre.com\/argentina\/#website","url":"https:\/\/www.adstigre.com\/argentina\/","name":"ADS Tigre Argentina","description":"Um site do grupo tigre","potentialAction":[{"@type":"SearchAction","target":{"@type":"EntryPoint","urlTemplate":"https:\/\/www.adstigre.com\/argentina\/?s={search_term_string}"},"query-input":{"@type":"PropertyValueSpecification","valueRequired":true,"valueName":"search_term_string"}}],"inLanguage":"en-US"}]}},"_links":{"self":[{"href":"http:\/\/www.adstigre.com\/argentina\/wp-json\/wp\/v2\/pages\/3147","targetHints":{"allow":["GET"]}}],"collection":[{"href":"http:\/\/www.adstigre.com\/argentina\/wp-json\/wp\/v2\/pages"}],"about":[{"href":"http:\/\/www.adstigre.com\/argentina\/wp-json\/wp\/v2\/types\/page"}],"author":[{"embeddable":true,"href":"http:\/\/www.adstigre.com\/argentina\/wp-json\/wp\/v2\/users\/3"}],"replies":[{"embeddable":true,"href":"http:\/\/www.adstigre.com\/argentina\/wp-json\/wp\/v2\/comments?post=3147"}],"version-history":[{"count":18,"href":"http:\/\/www.adstigre.com\/argentina\/wp-json\/wp\/v2\/pages\/3147\/revisions"}],"predecessor-version":[{"id":9730,"href":"http:\/\/www.adstigre.com\/argentina\/wp-json\/wp\/v2\/pages\/3147\/revisions\/9730"}],"up":[{"embeddable":true,"href":"http:\/\/www.adstigre.com\/argentina\/wp-json\/wp\/v2\/pages\/2323"}],"wp:featuredmedia":[{"embeddable":true,"href":"http:\/\/www.adstigre.com\/argentina\/wp-json\/wp\/v2\/media\/2233"}],"wp:attachment":[{"href":"http:\/\/www.adstigre.com\/argentina\/wp-json\/wp\/v2\/media?parent=3147"}],"wp:term":[{"taxonomy":"category","embeddable":true,"href":"http:\/\/www.adstigre.com\/argentina\/wp-json\/wp\/v2\/categories?post=3147"},{"taxonomy":"post_tag","embeddable":true,"href":"http:\/\/www.adstigre.com\/argentina\/wp-json\/wp\/v2\/tags?post=3147"}],"curies":[{"name":"wp","href":"https:\/\/api.w.org\/{rel}","templated":true}]}}